{"id":23,"date":"2020-03-12T11:57:54","date_gmt":"2020-03-12T14:57:54","guid":{"rendered":"http:\/\/eventos.ifg.edu.br\/incomum\/?page_id=23"},"modified":"2020-03-15T23:47:03","modified_gmt":"2020-03-16T02:47:03","slug":"projetos-de-pesquisa","status":"publish","type":"page","link":"https:\/\/eventos.ifg.edu.br\/incomum\/projetos-de-pesquisa\/","title":{"rendered":"Projetos de Pesquisa"},"content":{"rendered":"<p>Al\u00e9m de seus projetos de pesquisa cadastrados na Pr\u00f3-reitoria de Pesquisa e P\u00f3s-Gradua\u00e7\u00e3o\/PROPPG do IFG, o grupo tem trabalhado com um projeto coletivo, cuja organiza\u00e7\u00e3o est\u00e1 em processo. O projeto, a priori, tem o intuito de criar um aplicativo para cadastro de trabalhadores da arte na regi\u00e3o metropolitana de Goi\u00e2nia e ser\u00e1 subsidiado com recursos do Edital 24\/2019\/PROPPG\/IFG. O programa tem por objetivo viabilizar apoio financeiro \u00e0s atividades de pesquisa cient\u00edfica, tecnol\u00f3gica e de inova\u00e7\u00e3o, mediante sele\u00e7\u00e3o de planos de trabalho vinculados aos Grupos de Pesquisa do IFG.<\/p>\n","protected":false},"excerpt":{"rendered":"<p>Al\u00e9m de seus projetos de pesquisa cadastrados na Pr\u00f3-reitoria de Pesquisa e P\u00f3s-Gradua\u00e7\u00e3o\/PROPPG do IFG, o grupo tem trabalhado com um projeto coletivo, cuja organiza\u00e7\u00e3o est\u00e1 em processo. O projeto, a priori, tem o intuito de criar um aplicativo para cadastro de trabalhadores da arte na regi\u00e3o metropolitana de Goi\u00e2nia e ser\u00e1 subsidiado com recursos &#8230; <a title=\"Projetos de Pesquisa\" class=\"read-more\" href=\"https:\/\/eventos.ifg.edu.br\/incomum\/projetos-de-pesquisa\/\" aria-label=\"Read more about Projetos de Pesquisa\">Ler mais<\/a><\/p>\n","protected":false},"author":68,"featured_media":0,"parent":0,"menu_order":0,"comment_status":"closed","ping_status":"closed","template":"","meta":{"footnotes":""},"class_list":["post-23","page","type-page","status-publish"],"_links":{"self":[{"href":"https:\/\/eventos.ifg.edu.br\/incomum\/wp-json\/wp\/v2\/pages\/23"}],"collection":[{"href":"https:\/\/eventos.ifg.edu.br\/incomum\/wp-json\/wp\/v2\/pages"}],"about":[{"href":"https:\/\/eventos.ifg.edu.br\/incomum\/wp-json\/wp\/v2\/types\/page"}],"author":[{"embeddable":true,"href":"https:\/\/eventos.ifg.edu.br\/incomum\/wp-json\/wp\/v2\/users\/68"}],"replies":[{"embeddable":true,"href":"https:\/\/eventos.ifg.edu.br\/incomum\/wp-json\/wp\/v2\/comments?post=23"}],"version-history":[{"count":6,"href":"https:\/\/eventos.ifg.edu.br\/incomum\/wp-json\/wp\/v2\/pages\/23\/revisions"}],"predecessor-version":[{"id":139,"href":"https:\/\/eventos.ifg.edu.br\/incomum\/wp-json\/wp\/v2\/pages\/23\/revisions\/139"}],"wp:attachment":[{"href":"https:\/\/eventos.ifg.edu.br\/incomum\/wp-json\/wp\/v2\/media?parent=23"}],"curies":[{"name":"wp","href":"https:\/\/api.w.org\/{rel}","templated":true}]}}