{"id":8,"date":"2018-04-05T08:20:47","date_gmt":"2018-04-05T11:20:47","guid":{"rendered":"http:\/\/eventos.ifg.edu.br\/fontes-renovaveis\/?page_id=8"},"modified":"2018-11-09T09:29:58","modified_gmt":"2018-11-09T11:29:58","slug":"home","status":"publish","type":"page","link":"https:\/\/eventos.ifg.edu.br\/fontes-renovaveis\/","title":{"rendered":"Home"},"content":{"rendered":"<p><img fetchpriority=\"high\" decoding=\"async\" class=\"size-full wp-image-37\" src=\"http:\/\/eventos.ifg.edu.br\/fontes-renovaveis\/wp-content\/uploads\/sites\/35\/2018\/09\/header.jpg\" alt=\"DCIM101MEDIADJI_0127.JPG\" width=\"1920\" height=\"398\"><\/p>\n<p>O evento tem por objetivo propiciar discuss\u00f5es sobre o tema Fontes Renov\u00e1veis de Energia em conjunto com alunos do curso de especializa\u00e7\u00e3o em Fontes Renov\u00e1veis de Energia, alunos dos cursos de bacharelado em Engenharia El\u00e9trica e de Automa\u00e7\u00e3o e Controle do IFG c\u00e2mpus Itumbiara, bem como, toda a comunidade local, regional e nacional interessada sobre o tema.<\/p>\n<p>Adicionalmente, tem-se por meta:<\/p>\n<ul>\n<li>Promover discuss\u00f5es sobre temas relacionados \u00e0s Fontes Renov\u00e1veis;<\/li>\n<li>Permitir a troca de experi\u00eancias entre profissionais de renome nacional com os docentes, discentes do IFG-Itumbiara e regi\u00e3o;<\/li>\n<li>Divulgar os projetos de pesquisas atualmente em desenvolvimento no IFG-Itumbiara;<\/li>\n<li>Criar um ambiente de debate e reflex\u00e3o sobre o tema;<\/li>\n<li>Interagir com empresas, ind\u00fastrias e institui\u00e7\u00f5es da regi\u00e3o, visando promover e expandir projetos de pesquisa;<\/li>\n<li>Socializar o conhecimento sobre as Fontes Renov\u00e1veis de Energia no interior do estado de Goi\u00e1s;<\/li>\n<li>Promover a populariza\u00e7\u00e3o da ci\u00eancia e tecnologia.<\/li>\n<\/ul>\n<p><span style=\"color: #ff6600\"><strong>LOCAL: Audit\u00f3rio do Campus do IFG em Itumbiara-GO<\/strong><\/span><\/p>\n<p><img decoding=\"async\" src=\"http:\/\/eventos.ifg.edu.br\/fontes-renovaveis\/wp-content\/uploads\/sites\/35\/2018\/04\/footer_2018.png\" alt=\"footer\"><\/p>\n","protected":false},"excerpt":{"rendered":"<p>O evento tem por objetivo propiciar discuss\u00f5es sobre o tema Fontes Renov\u00e1veis de Energia em conjunto com alunos do curso de especializa\u00e7\u00e3o em Fontes Renov\u00e1veis de Energia, alunos dos cursos de bacharelado em Engenharia El\u00e9trica e de Automa\u00e7\u00e3o e Controle do IFG c\u00e2mpus Itumbiara, bem como, toda a comunidade local, regional e nacional interessada sobre [&hellip;]<\/p>\n","protected":false},"author":23,"featured_media":0,"parent":0,"menu_order":0,"comment_status":"closed","ping_status":"closed","template":"","meta":{"ngg_post_thumbnail":0,"footnotes":""},"class_list":["post-8","page","type-page","status-publish","hentry"],"_links":{"self":[{"href":"https:\/\/eventos.ifg.edu.br\/fontes-renovaveis\/wp-json\/wp\/v2\/pages\/8"}],"collection":[{"href":"https:\/\/eventos.ifg.edu.br\/fontes-renovaveis\/wp-json\/wp\/v2\/pages"}],"about":[{"href":"https:\/\/eventos.ifg.edu.br\/fontes-renovaveis\/wp-json\/wp\/v2\/types\/page"}],"author":[{"embeddable":true,"href":"https:\/\/eventos.ifg.edu.br\/fontes-renovaveis\/wp-json\/wp\/v2\/users\/23"}],"replies":[{"embeddable":true,"href":"https:\/\/eventos.ifg.edu.br\/fontes-renovaveis\/wp-json\/wp\/v2\/comments?post=8"}],"version-history":[{"count":19,"href":"https:\/\/eventos.ifg.edu.br\/fontes-renovaveis\/wp-json\/wp\/v2\/pages\/8\/revisions"}],"predecessor-version":[{"id":220,"href":"https:\/\/eventos.ifg.edu.br\/fontes-renovaveis\/wp-json\/wp\/v2\/pages\/8\/revisions\/220"}],"wp:attachment":[{"href":"https:\/\/eventos.ifg.edu.br\/fontes-renovaveis\/wp-json\/wp\/v2\/media?parent=8"}],"curies":[{"name":"wp","href":"https:\/\/api.w.org\/{rel}","templated":true}]}}