{"id":35,"date":"2017-03-13T00:47:29","date_gmt":"2017-03-13T03:47:29","guid":{"rendered":"http:\/\/eventos.ifg.edu.br\/flisol2017luziania\/?page_id=35"},"modified":"2017-03-27T14:15:26","modified_gmt":"2017-03-27T17:15:26","slug":"programacao","status":"publish","type":"page","link":"https:\/\/eventos.ifg.edu.br\/flisol2017luziania\/programacao\/","title":{"rendered":"Programa\u00e7\u00e3o"},"content":{"rendered":"<table>\n<tbody>\n<tr>\n<td style=\"text-align: center\" colspan=\"5\">\n<h1><strong>Programa\u00e7\u00e3o Flisol Luzi\u00e2nia 2017<\/strong><\/h1>\n<\/td>\n<\/tr>\n<tr>\n<td><strong>Hor\u00e1rio<\/strong><\/td>\n<td><strong>Atividade<\/strong><\/td>\n<td><strong>T\u00edtulo<\/strong><\/td>\n<td><strong>Respons\u00e1vel<\/strong><\/td>\n<td><strong>Local<\/strong><\/td>\n<\/tr>\n<tr>\n<td>08:00 \u00e0s 08:30hs<\/td>\n<td>Credenciamento<\/td>\n<td>Credenciamento e recep\u00e7\u00e3o dos participantes<\/td>\n<td>Giovanna e Laina<\/td>\n<td>P\u00e1tio<\/td>\n<\/tr>\n<tr>\n<td>08:30 \u00e0s 08:50hs<\/td>\n<td>Abertura<\/td>\n<td>Abertura do evento<\/td>\n<td>Ernane e Wendell<\/td>\n<td>Audit\u00f3rio<\/td>\n<\/tr>\n<tr>\n<td>09:00 \u00e0s 09:50hs<\/td>\n<td>Palestra<\/td>\n<td>Tecnologias Emergentes<\/td>\n<td>George Mendon\u00e7a<\/td>\n<td>Audit\u00f3rio<\/td>\n<\/tr>\n<tr>\n<td>10:00 \u00e0s 10:50hs<\/td>\n<td>Palestra<\/td>\n<td>Data Scientist<\/td>\n<td>Marcos Prado<\/td>\n<td>Audit\u00f3rio<\/td>\n<\/tr>\n<tr>\n<td>11:00 \u00e0s 11:50hs<\/td>\n<td>Palestra<\/td>\n<td>O Fant\u00e1stico Mundo do Open Hardware<\/td>\n<td>Chistiane Borges Santos<\/td>\n<td>Audit\u00f3rio<\/td>\n<\/tr>\n<tr>\n<td>12:00 \u00e0s 13:30hs<\/td>\n<td>Almo\u00e7o<\/td>\n<td>Almo\u00e7o<\/td>\n<td>Livre<\/td>\n<td>Refeit\u00f3rio<\/td>\n<\/tr>\n<tr>\n<td>13:30 \u00e0s 15:30hs<\/td>\n<td>Minicurso<\/td>\n<td>Comandos b\u00e1sicos do linux<\/td>\n<td>Ulisses Rodrigues<\/td>\n<td>Laborat\u00f3rio S402<\/td>\n<\/tr>\n<tr>\n<td>13:30 \u00e0s 15:30hs<\/td>\n<td>Minicurso<\/td>\n<td>Introdu\u00e7\u00e3o ao latex<\/td>\n<td>Robson Barbosa<\/td>\n<td>Laborat\u00f3rio S403<\/td>\n<\/tr>\n<tr>\n<td>13:30 \u00e0s 15:30hs<\/td>\n<td>Minicurso<\/td>\n<td>SQL Server no linux &#8211; Os primeiros passos<\/td>\n<td>Vitor da Silva Gon\u00e7alves<\/td>\n<td>Laborat\u00f3rio S404<\/td>\n<\/tr>\n<tr>\n<td>13:30 \u00e0s 15:30hs<\/td>\n<td>Minicurso<\/td>\n<td>Introdu\u00e7\u00e3o a an\u00e1lise de malware<\/td>\n<td>Igor Rincon<\/td>\n<td>Laborat\u00f3rio S401-B<\/td>\n<\/tr>\n<tr>\n<td>15:30 \u00e0s 15:45hs<\/td>\n<td>Intervalo<\/td>\n<td>Intervalo<\/td>\n<td>Livre<\/td>\n<td>P\u00e1tio<\/td>\n<\/tr>\n<tr>\n<td>15:45 \u00e0s 17:45hs<\/td>\n<td>Minicurso<\/td>\n<td>Oficina de fotografia e manipula\u00e7\u00e3o de software livre<\/td>\n<td>Paulo Morais<\/td>\n<td>Laborat\u00f3rio S402<\/td>\n<\/tr>\n<tr>\n<td>15:45 \u00e0s 17:45hs<\/td>\n<td>Minicurso<\/td>\n<td>Introdu\u00e7\u00e3o a linguagem Julia<\/td>\n<td>Jo\u00e3o Marcelo Pereira<\/td>\n<td>Laborat\u00f3rio S403<\/td>\n<\/tr>\n<tr>\n<td>15:45 \u00e0s 17:45hs<\/td>\n<td>Minicurso<\/td>\n<td>Introdu\u00e7\u00e3o a Java<\/td>\n<td>\n<div class=\"_personaCell_PersonaView_ed _personaCellDetails_PersonaView_fd detailsCell\"><span class=\"_personaCell_PersonaView_ed _detailsLine_PersonaView_vd\"><span class=\"Row1BasicDetails _detailsLabel_PersonaView_rd basicDetailsrow1 allowTextSelection\"><span class=\"highlight\">Cleyton Peixoto dos Reis Junior<\/span><\/span><\/span><\/div>\n<\/td>\n<td>Laborat\u00f3rio S404<\/td>\n<\/tr>\n<tr>\n<td>15:45 \u00e0s 17:45hs<\/td>\n<td>Minicurso<\/td>\n<td>Como executar\u00a0uma aplica\u00e7\u00e3o Web . NET usando o Linux como sistema operacional<\/td>\n<td>Jucinei Pereira dos Santos<\/td>\n<td>Laborat\u00f3rio S401-B<\/td>\n<\/tr>\n<tr>\n<td>17:45 \u00e0s 18:00hs<\/td>\n<td>Fechamento<\/td>\n<td>Fechamento do evento com sorteio de brindes<\/td>\n<td>Ernane e Wendell<\/td>\n<td>Audit\u00f3rio<\/td>\n<\/tr>\n<tr>\n<td><\/td>\n<td><\/td>\n<td><\/td>\n<td><\/td>\n<td><\/td>\n<\/tr>\n<tr>\n<td>09:00 \u00e0s 17:30hs<\/td>\n<td>InstallFest<\/td>\n<td>InstallFest<\/td>\n<td>Wendell<\/td>\n<td>Laborat\u00f3rio de Manuten\u00e7\u00e3o<\/td>\n<\/tr>\n<\/tbody>\n<\/table>\n<h1 style=\"text-align: center\">Entrada Livre e Gratuita<\/h1>\n","protected":false},"excerpt":{"rendered":"<p>Programa\u00e7\u00e3o Flisol Luzi\u00e2nia 2017 Hor\u00e1rio Atividade T\u00edtulo Respons\u00e1vel Local 08:00 \u00e0s 08:30hs Credenciamento Credenciamento e recep\u00e7\u00e3o dos participantes Giovanna e Laina P\u00e1tio 08:30 \u00e0s 08:50hs Abertura Abertura do evento Ernane e Wendell Audit\u00f3rio 09:00 \u00e0s 09:50hs Palestra Tecnologias Emergentes George Mendon\u00e7a Audit\u00f3rio 10:00 \u00e0s 10:50hs Palestra Data Scientist Marcos Prado Audit\u00f3rio 11:00 \u00e0s 11:50hs Palestra [&hellip;]<\/p>\n","protected":false},"author":13,"featured_media":0,"parent":0,"menu_order":0,"comment_status":"closed","ping_status":"closed","template":"","meta":{"ngg_post_thumbnail":0,"footnotes":""},"class_list":["post-35","page","type-page","status-publish","hentry"],"_links":{"self":[{"href":"https:\/\/eventos.ifg.edu.br\/flisol2017luziania\/wp-json\/wp\/v2\/pages\/35"}],"collection":[{"href":"https:\/\/eventos.ifg.edu.br\/flisol2017luziania\/wp-json\/wp\/v2\/pages"}],"about":[{"href":"https:\/\/eventos.ifg.edu.br\/flisol2017luziania\/wp-json\/wp\/v2\/types\/page"}],"author":[{"embeddable":true,"href":"https:\/\/eventos.ifg.edu.br\/flisol2017luziania\/wp-json\/wp\/v2\/users\/13"}],"replies":[{"embeddable":true,"href":"https:\/\/eventos.ifg.edu.br\/flisol2017luziania\/wp-json\/wp\/v2\/comments?post=35"}],"version-history":[{"count":14,"href":"https:\/\/eventos.ifg.edu.br\/flisol2017luziania\/wp-json\/wp\/v2\/pages\/35\/revisions"}],"predecessor-version":[{"id":154,"href":"https:\/\/eventos.ifg.edu.br\/flisol2017luziania\/wp-json\/wp\/v2\/pages\/35\/revisions\/154"}],"wp:attachment":[{"href":"https:\/\/eventos.ifg.edu.br\/flisol2017luziania\/wp-json\/wp\/v2\/media?parent=35"}],"curies":[{"name":"wp","href":"https:\/\/api.w.org\/{rel}","templated":true}]}}