{"id":38,"date":"2021-05-11T18:47:27","date_gmt":"2021-05-11T21:47:27","guid":{"rendered":"http:\/\/eventos.ifg.edu.br\/festival2021\/?page_id=38"},"modified":"2021-05-14T19:24:45","modified_gmt":"2021-05-14T22:24:45","slug":"contato-equipe","status":"publish","type":"page","link":"https:\/\/eventos.ifg.edu.br\/festival2021\/contato-equipe\/","title":{"rendered":"Contato e Equipe"},"content":{"rendered":"<h2 class=\"has-text-align-left\"><\/h2>\n<div class=\"wp-block-jetpack-contact-info\">\n<div class=\"wp-block-jetpack-address\">\n<div class=\"jetpack-address__address jetpack-address__address1\"><strong>PR\u00d3-REITORIA DE EXTENS\u00c3O \u2013 PROEX<\/strong><br \/>\nproex@ifg.edu.br (E-mail)<\/div>\n<div class=\"jetpack-address__address jetpack-address__address2\">Rua T-46, esquina com a Rua R-17, n\u00famero 166, Setor Oeste (anexo da Reitoria)<\/div>\n<div class=\"jetpack-address__address jetpack-address__address3\">Telefone: (62) 3240-7750.<\/div>\n<div><span class=\"jetpack-address__city\">Goi\u00e2nia-GO<\/span>,\u00a0<span class=\"jetpack-address__region\">Goi\u00e1s<\/span>\u00a0<span class=\"jetpack-address__postal\">CEP: 74125-200.<\/span><\/div>\n<div><span class=\"jetpack-address__postal\"><strong>Pr\u00f3-Reitor<\/strong> &#8211; Daniel Silva Barbosa<\/span><\/div>\n<div><strong>Diretoria de A\u00e7\u00f5es Sociais: <\/strong>Willian Batista dos Santos<\/div>\n<div><strong>Coordena\u00e7\u00e3o\u00a0de Eventos:<\/strong> Eduardo Carli de Moraes<\/div>\n<\/div>\n<\/div>\n<div><strong>Equipe:<\/strong> Kepler B. Ferreira, Rosimeire Santos, Henrique Menezes, Paulo C\u00e9sar (Patakori).<\/div>\n<div>E-mail: eventos.reitoria@ifg.edu.br<\/div>\n<div><\/div>\n<div><\/div>\n<div><strong>COMISS\u00c2O EXECUTIVA ORGANIZADORA<br \/>\nNomeada por Portaria<\/strong><\/div>\n<div>\u00a0Composta pelos servidores e docentes do IFG:<\/div>\n<div><img fetchpriority=\"high\" decoding=\"async\" class=\"alignnone size-full wp-image-90\" src=\"http:\/\/eventos.ifg.edu.br\/festival2021\/wp-content\/uploads\/sites\/67\/2021\/05\/Portaria-Comiss\u00e3o.png\" alt=\"Portaria Comiss\u00e3o\" width=\"675\" height=\"906\" \/><\/div>\n<div><\/div>\n<div><\/div>\n<div><\/div>\n","protected":false},"excerpt":{"rendered":"<p>PR\u00d3-REITORIA DE EXTENS\u00c3O \u2013 PROEX proex@ifg.edu.br (E-mail) Rua T-46, esquina com a Rua R-17, n\u00famero 166, Setor Oeste (anexo da Reitoria) Telefone: (62) 3240-7750. Goi\u00e2nia-GO,\u00a0Goi\u00e1s\u00a0CEP: 74125-200. Pr\u00f3-Reitor &#8211; Daniel Silva Barbosa Diretoria de A\u00e7\u00f5es Sociais: Willian Batista dos Santos Coordena\u00e7\u00e3o\u00a0de <a class=\"more-link\" href=\"https:\/\/eventos.ifg.edu.br\/festival2021\/contato-equipe\/\">Leia mais&#8230; &raquo;<\/a><\/p>\n","protected":false},"author":141,"featured_media":74,"parent":0,"menu_order":0,"comment_status":"closed","ping_status":"closed","template":"","meta":{"footnotes":""},"class_list":["post-38","page","type-page","status-publish","has-post-thumbnail","hentry"],"_links":{"self":[{"href":"https:\/\/eventos.ifg.edu.br\/festival2021\/wp-json\/wp\/v2\/pages\/38"}],"collection":[{"href":"https:\/\/eventos.ifg.edu.br\/festival2021\/wp-json\/wp\/v2\/pages"}],"about":[{"href":"https:\/\/eventos.ifg.edu.br\/festival2021\/wp-json\/wp\/v2\/types\/page"}],"author":[{"embeddable":true,"href":"https:\/\/eventos.ifg.edu.br\/festival2021\/wp-json\/wp\/v2\/users\/141"}],"replies":[{"embeddable":true,"href":"https:\/\/eventos.ifg.edu.br\/festival2021\/wp-json\/wp\/v2\/comments?post=38"}],"version-history":[{"count":8,"href":"https:\/\/eventos.ifg.edu.br\/festival2021\/wp-json\/wp\/v2\/pages\/38\/revisions"}],"predecessor-version":[{"id":93,"href":"https:\/\/eventos.ifg.edu.br\/festival2021\/wp-json\/wp\/v2\/pages\/38\/revisions\/93"}],"wp:featuredmedia":[{"embeddable":true,"href":"https:\/\/eventos.ifg.edu.br\/festival2021\/wp-json\/wp\/v2\/media\/74"}],"wp:attachment":[{"href":"https:\/\/eventos.ifg.edu.br\/festival2021\/wp-json\/wp\/v2\/media?parent=38"}],"curies":[{"name":"wp","href":"https:\/\/api.w.org\/{rel}","templated":true}]}}

<h2 class="has-text-align-left"></h2>
<div class="wp-block-jetpack-contact-info">
<div class="wp-block-jetpack-address">
<div class="jetpack-address__address jetpack-address__address1"><strong>PRÓ-REITORIA DE EXTENSÃO – PROEX</strong><br />
proex@ifg.edu.br (E-mail)</div>
<div class="jetpack-address__address jetpack-address__address2">Rua T-46, esquina com a Rua R-17, número 166, Setor Oeste (anexo da Reitoria)</div>
<div class="jetpack-address__address jetpack-address__address3">Telefone: (62) 3240-7750.</div>
<div><span class="jetpack-address__city">Goiânia-GO</span>, <span class="jetpack-address__region">Goiás</span> <span class="jetpack-address__postal">CEP: 74125-200.</span></div>
<div><span class="jetpack-address__postal"><strong>Pró-Reitor</strong> &#8211; Daniel Silva Barbosa</span></div>
<div><strong>Diretoria de Ações Sociais: </strong>Willian Batista dos Santos</div>
<div><strong>Coordenação de Eventos:</strong> Eduardo Carli de Moraes</div>
</div>
</div>
<div><strong>Equipe:</strong> Kepler B. Ferreira, Rosimeire Santos, Henrique Menezes, Paulo César (Patakori).</div>
<div>E-mail: eventos.reitoria@ifg.edu.br</div>
<div></div>
<div></div>
<div><strong>COMISSÂO EXECUTIVA ORGANIZADORA<br />
Nomeada por Portaria</strong></div>
<div> Composta pelos servidores e docentes do IFG:</div>
<div><img fetchpriority="high" decoding="async" class="alignnone size-full wp-image-90" src="http://eventos.ifg.edu.br/festival2021/wp-content/uploads/sites/67/2021/05/Portaria-Comissão.png" alt="Portaria Comissão" width="675" height="906" /></div>
<div></div>
<div></div>
<div></div>

<p>PRÓ-REITORIA DE EXTENSÃO – PROEX proex@ifg.edu.br (E-mail) Rua T-46, esquina com a Rua R-17, número 166, Setor Oeste (anexo da Reitoria) Telefone: (62) 3240-7750. Goiânia-GO, Goiás CEP: 74125-200. Pró-Reitor &#8211; Daniel Silva Barbosa Diretoria de Ações Sociais: Willian Batista dos Santos Coordenação de <a class="more-link" href="https://eventos.ifg.edu.br/festival2021/contato-equipe/">Leia mais&#8230; &raquo;</a></p>
