{"id":28,"date":"2016-09-29T02:50:55","date_gmt":"2016-09-29T05:50:55","guid":{"rendered":"http:\/\/eventos.ifg.edu.br\/festival2016\/?page_id=28"},"modified":"2017-11-01T10:47:57","modified_gmt":"2017-11-01T12:47:57","slug":"local","status":"publish","type":"page","link":"https:\/\/eventos.ifg.edu.br\/festival2017\/local\/","title":{"rendered":"Ficha t\u00e9cnica"},"content":{"rendered":"<p>Reitor<br \/>\n<strong>Prof. Jer\u00f4nimo Rodrigues da Silva<\/strong><\/p>\n<p>Pr\u00f3-Reitor de Extens\u00e3o<br \/>\n<strong>Prof. Daniel Silva Barbosa<\/strong><\/p>\n<p>Diretora do IFG &#8211; Campus Itumbiara<br \/>\n<strong>Profa. Aline Silva Barroso<\/strong><\/p>\n<p>Coordena\u00e7\u00e3o de oficinas<br \/>\n<strong>Prof. Alessandro da Costa \/ Prof. Giovani Comerlato<\/strong><\/p>\n<p>Coordena\u00e7\u00e3o de GTs<br \/>\n<strong>Prof. Tiago Hoerlle \/ Prof. Julio C\u00e9sar<\/strong><\/p>\n<p>Coordena\u00e7\u00e3o Palco Aberto<br \/>\n<strong>Prof. Daniel<\/strong><\/p>\n<p>Coordena\u00e7\u00e3o da Galeria Aberta<br \/>\n<strong>Profa. Naira Rosana \/ Prof. Lamartine<\/strong><\/p>\n<p>Coordena\u00e7\u00e3o da Mostra de Audiovisual<br \/>\n<strong>Prof. Jo\u00e3o Henrique<\/strong><\/p>\n<p>Coordena\u00e7\u00e3o de Programa\u00e7\u00e3o Art\u00edstica<br \/>\n<strong>Prof. Ab\u00edlio Carrascal \/ Prof. Lucas Cecatto<\/strong><\/p>\n<p>Coordena\u00e7\u00e3o do Encontro de Professores<br \/>\n<strong>Profa. M\u00f4nica Mitchell \/ Prof. Edson Borges<\/strong><\/p>\n<p>Coordena\u00e7\u00e3o de Secretaria<br \/>\n<strong>Lorena \/ Eur\u00edpedes \/ Kepler\u00a0<\/strong><\/p>\n<p>Coordena\u00e7\u00e3o de Comunica\u00e7\u00e3o<br \/>\n<strong>Prof. Alexandre Guimar\u00e3es<br \/>\nJana\u00edna Gomes (bolsista &#8211; Lic. em Dan\u00e7a)<\/strong><\/p>\n<p>Comunica\u00e7\u00e3o local (Itumbiara)<br \/>\n<strong>Bruna<\/strong><\/p>\n<p>Coordena\u00e7\u00e3o de Infra Estrutura e Log\u00edstica<br \/>\n<strong>Jaqueline \/ Junior \/ Liza\u00a0<\/strong><\/p>\n<p>Projeto gr\u00e1fico<br \/>\n<strong>Prof. Alexandre Guimar\u00e3es<\/strong><\/p>\n<p>&nbsp;<\/p>\n<p>&nbsp;<\/p>\n","protected":false},"excerpt":{"rendered":"<p>Reitor Prof. Jer\u00f4nimo Rodrigues da Silva Pr\u00f3-Reitor de Extens\u00e3o Prof. Daniel Silva Barbosa Diretora do IFG &#8211; Campus Itumbiara Profa. Aline Silva Barroso Coordena\u00e7\u00e3o de oficinas Prof. Alessandro da Costa \/ Prof. Giovani Comerlato Coordena\u00e7\u00e3o de GTs Prof. Tiago Hoerlle <a class=\"more-link\" href=\"https:\/\/eventos.ifg.edu.br\/festival2017\/local\/\">Leia mais&#8230; &raquo;<\/a><\/p>\n","protected":false},"author":68,"featured_media":0,"parent":0,"menu_order":0,"comment_status":"closed","ping_status":"closed","template":"","meta":{"ngg_post_thumbnail":0,"footnotes":""},"class_list":["post-28","page","type-page","status-publish","hentry"],"_links":{"self":[{"href":"https:\/\/eventos.ifg.edu.br\/festival2017\/wp-json\/wp\/v2\/pages\/28"}],"collection":[{"href":"https:\/\/eventos.ifg.edu.br\/festival2017\/wp-json\/wp\/v2\/pages"}],"about":[{"href":"https:\/\/eventos.ifg.edu.br\/festival2017\/wp-json\/wp\/v2\/types\/page"}],"author":[{"embeddable":true,"href":"https:\/\/eventos.ifg.edu.br\/festival2017\/wp-json\/wp\/v2\/users\/68"}],"replies":[{"embeddable":true,"href":"https:\/\/eventos.ifg.edu.br\/festival2017\/wp-json\/wp\/v2\/comments?post=28"}],"version-history":[{"count":19,"href":"https:\/\/eventos.ifg.edu.br\/festival2017\/wp-json\/wp\/v2\/pages\/28\/revisions"}],"predecessor-version":[{"id":449,"href":"https:\/\/eventos.ifg.edu.br\/festival2017\/wp-json\/wp\/v2\/pages\/28\/revisions\/449"}],"wp:attachment":[{"href":"https:\/\/eventos.ifg.edu.br\/festival2017\/wp-json\/wp\/v2\/media?parent=28"}],"curies":[{"name":"wp","href":"https:\/\/api.w.org\/{rel}","templated":true}]}}

Ficha técnica

<p>Reitor<br />
<strong>Prof. Jerônimo Rodrigues da Silva</strong></p>
<p>Pró-Reitor de Extensão<br />
<strong>Prof. Daniel Silva Barbosa</strong></p>
<p>Diretora do IFG &#8211; Campus Itumbiara<br />
<strong>Profa. Aline Silva Barroso</strong></p>
<p>Coordenação de oficinas<br />
<strong>Prof. Alessandro da Costa / Prof. Giovani Comerlato</strong></p>
<p>Coordenação de GTs<br />
<strong>Prof. Tiago Hoerlle / Prof. Julio César</strong></p>
<p>Coordenação Palco Aberto<br />
<strong>Prof. Daniel</strong></p>
<p>Coordenação da Galeria Aberta<br />
<strong>Profa. Naira Rosana / Prof. Lamartine</strong></p>
<p>Coordenação da Mostra de Audiovisual<br />
<strong>Prof. João Henrique</strong></p>
<p>Coordenação de Programação Artística<br />
<strong>Prof. Abílio Carrascal / Prof. Lucas Cecatto</strong></p>
<p>Coordenação do Encontro de Professores<br />
<strong>Profa. Mônica Mitchell / Prof. Edson Borges</strong></p>
<p>Coordenação de Secretaria<br />
<strong>Lorena / Eurípedes / Kepler </strong></p>
<p>Coordenação de Comunicação<br />
<strong>Prof. Alexandre Guimarães<br />
Janaína Gomes (bolsista &#8211; Lic. em Dança)</strong></p>
<p>Comunicação local (Itumbiara)<br />
<strong>Bruna</strong></p>
<p>Coordenação de Infra Estrutura e Logística<br />
<strong>Jaqueline / Junior / Liza </strong></p>
<p>Projeto gráfico<br />
<strong>Prof. Alexandre Guimarães</strong></p>
<p>&nbsp;</p>
<p>&nbsp;</p>

<p>Reitor Prof. Jerônimo Rodrigues da Silva Pró-Reitor de Extensão Prof. Daniel Silva Barbosa Diretora do IFG &#8211; Campus Itumbiara Profa. Aline Silva Barroso Coordenação de oficinas Prof. Alessandro da Costa / Prof. Giovani Comerlato Coordenação de GTs Prof. Tiago Hoerlle <a class="more-link" href="https://eventos.ifg.edu.br/festival2017/local/">Leia mais&#8230; &raquo;</a></p>
