{"id":24,"date":"2016-09-29T02:50:30","date_gmt":"2016-09-29T05:50:30","guid":{"rendered":"http:\/\/eventos.ifg.edu.br\/festival2016\/?page_id=24"},"modified":"2017-10-11T00:48:35","modified_gmt":"2017-10-11T03:48:35","slug":"inscricoes","status":"publish","type":"page","link":"https:\/\/eventos.ifg.edu.br\/festival2017\/inscricoes\/","title":{"rendered":"Enviar trabalhos"},"content":{"rendered":"<p>A inscri\u00e7\u00e3o de propostas de oferta de oficinas e apresenta\u00e7\u00e3o de trabalhos art\u00edsticos est\u00e3o <strong>encerradas<\/strong>.<\/p>\n<p>Para <strong>professores<\/strong>, o envio de artigos vai at\u00e9<strong> 9 de outubro<\/strong>.<\/p>\n<p>Para acompanhar o envio de propostas art\u00edsticas, bem como de artigos, acesse <a href=\"https:\/\/sugep.ifg.edu.br\/eventos\/administracao\/inscricaochamadapublica.html?lkfuthgnbfarqsloznxksoppfhdsncmmkfhjgudjrigkklfjdheydfjfjgkpoqywuetafzvxnhsgdtrfemnchfvjfuryterwgdj=1900\" target=\"_blank\">aqui.<\/a><\/p>\n<p>&nbsp;<\/p>\n","protected":false},"excerpt":{"rendered":"<p>A inscri\u00e7\u00e3o de propostas de oferta de oficinas e apresenta\u00e7\u00e3o de trabalhos art\u00edsticos est\u00e3o encerradas. Para professores, o envio de artigos vai at\u00e9 9 de outubro. Para acompanhar o envio de propostas art\u00edsticas, bem como de artigos, acesse aqui. &nbsp;<\/p>\n","protected":false},"author":68,"featured_media":0,"parent":0,"menu_order":0,"comment_status":"closed","ping_status":"closed","template":"","meta":{"ngg_post_thumbnail":0,"footnotes":""},"class_list":["post-24","page","type-page","status-publish","hentry"],"_links":{"self":[{"href":"https:\/\/eventos.ifg.edu.br\/festival2017\/wp-json\/wp\/v2\/pages\/24"}],"collection":[{"href":"https:\/\/eventos.ifg.edu.br\/festival2017\/wp-json\/wp\/v2\/pages"}],"about":[{"href":"https:\/\/eventos.ifg.edu.br\/festival2017\/wp-json\/wp\/v2\/types\/page"}],"author":[{"embeddable":true,"href":"https:\/\/eventos.ifg.edu.br\/festival2017\/wp-json\/wp\/v2\/users\/68"}],"replies":[{"embeddable":true,"href":"https:\/\/eventos.ifg.edu.br\/festival2017\/wp-json\/wp\/v2\/comments?post=24"}],"version-history":[{"count":12,"href":"https:\/\/eventos.ifg.edu.br\/festival2017\/wp-json\/wp\/v2\/pages\/24\/revisions"}],"predecessor-version":[{"id":315,"href":"https:\/\/eventos.ifg.edu.br\/festival2017\/wp-json\/wp\/v2\/pages\/24\/revisions\/315"}],"wp:attachment":[{"href":"https:\/\/eventos.ifg.edu.br\/festival2017\/wp-json\/wp\/v2\/media?parent=24"}],"curies":[{"name":"wp","href":"https:\/\/api.w.org\/{rel}","templated":true}]}}

<p>A inscrição de propostas de oferta de oficinas e apresentação de trabalhos artísticos estão <strong>encerradas</strong>.</p>
<p>Para <strong>professores</strong>, o envio de artigos vai até<strong> 9 de outubro</strong>.</p>
<p>Para acompanhar o envio de propostas artísticas, bem como de artigos, acesse <a href="https://sugep.ifg.edu.br/eventos/administracao/inscricaochamadapublica.html?lkfuthgnbfarqsloznxksoppfhdsncmmkfhjgudjrigkklfjdheydfjfjgkpoqywuetafzvxnhsgdtrfemnchfvjfuryterwgdj=1900" target="_blank">aqui.</a></p>
<p>&nbsp;</p>

<p>A inscrição de propostas de oferta de oficinas e apresentação de trabalhos artísticos estão encerradas. Para professores, o envio de artigos vai até 9 de outubro. Para acompanhar o envio de propostas artísticas, bem como de artigos, acesse aqui. &nbsp;</p>
