{"id":12,"date":"2018-06-08T15:46:37","date_gmt":"2018-06-08T18:46:37","guid":{"rendered":"http:\/\/eventos.ifg.edu.br\/feptec\/?page_id=12"},"modified":"2018-06-19T12:34:57","modified_gmt":"2018-06-19T15:34:57","slug":"programacao","status":"publish","type":"page","link":"https:\/\/eventos.ifg.edu.br\/feptec\/programacao\/","title":{"rendered":"Programa\u00e7\u00e3o"},"content":{"rendered":"<p><strong>19\/06\/2018<\/strong><\/p>\n<div>\n<div>\n<p>17:00 \u00e0s 18:50 &#8211;\u00a0Credenciamento<br \/>\nLOCAL:\u00a0Portaria do IFG &#8211; C\u00e2mpus Luzi\u00e2nia<\/p>\n<\/div>\n<\/div>\n<div>\n<div>\n<p>19:00 \u00e0s 21:30 &#8211;\u00a0Palestra Em defesa da democracia: Educa\u00e7\u00e3o P\u00fablica, Gratuita, Inclusiva e de Qualidade.<br \/>\nLOCAL: Luzi\u00e2nia \/ IFG C\u00e2mpus Luzi\u00e2nia \/ Audit\u00f3rio<\/p>\n<\/div>\n<\/div>\n<div>\n<hr \/>\n<\/div>\n<p><strong>20\/06\/2018<\/strong><\/p>\n<div>\n<div>\n<p>9:00 \u00e0s 12:00 &#8211;\u00a0Semin\u00e1rio Semin\u00e1rio Educa\u00e7\u00e3o, Trabalho e Pol\u00edticas P\u00fablicas<br \/>\nLOCAL: Luzi\u00e2nia \/ IFG C\u00e2mpus Luzi\u00e2nia \/ Audit\u00f3rio<\/p>\n<p>12:00 \u00e0s 14:00 &#8211; Apresenta\u00e7\u00f5es Culturais (palco Aberto)<\/p>\n<\/div>\n<p>14:00 \u00e0s 16:59 &#8211;\u00a0Mesa redonda Mesa Redonda \u2013 Tema: Perspectivas para o ensino T\u00e9cnico e Tecnol\u00f3gico no Brasil<br \/>\nLOCAL: Luzi\u00e2nia \/ IFG Campus Luzi\u00e2nia \/ Audit\u00f3rio<\/p>\n<p>17:00 \u00e0s 18:00 &#8211; Apresenta\u00e7\u00f5es Culturais (palco Aberto)<\/p>\n<p>18:00 \u00e0s 22:00 &#8211; Trio Balan\u00e7ado Rastap\u00e9<\/p>\n<hr \/>\n<p><strong>21\/06\/2018<\/strong><\/p>\n<div>\n<p>9:00 \u00e0s 10:59 &#8211;\u00a0Mesa redonda Mesa Redonda \u2013 Tema: A Escola que a gente quer!!!<br \/>\nLOCAL: Luzi\u00e2nia \/ IFG Campus Luzi\u00e2nia \/ Audit\u00f3rio<\/p>\n<\/div>\n<p>12:00 \u00e0s 14:00 &#8211; Apresenta\u00e7\u00f5es Culturais (palco Aberto)<\/p>\n<p>14:00 \u00e0s 16:59 &#8211;\u00a0Mesa redonda<br \/>\nMesa Redonda \u2013 Tema: Juventude, Trabalho e o Trampo do Futuro<br \/>\nLOCAL: Luzi\u00e2nia \/ IFG Campus Luzi\u00e2nia \/ Audit\u00f3rio17:00 \u00e0s 18:00 &#8211; Apresenta\u00e7\u00f5es Culturais (palco Aberto)<\/p>\n<p>18:00 \u00e0s 22:00 &#8211; Dj Marcinho e show banda Exaltasamba<\/p>\n<\/div>\n","protected":false},"excerpt":{"rendered":"<p>19\/06\/2018 17:00 \u00e0s 18:50 &#8211;\u00a0Credenciamento LOCAL:\u00a0Portaria do IFG &#8211; C\u00e2mpus Luzi\u00e2nia 19:00 \u00e0s 21:30 &#8211;\u00a0Palestra Em defesa da democracia: Educa\u00e7\u00e3o P\u00fablica, Gratuita, Inclusiva e de Qualidade. LOCAL: Luzi\u00e2nia \/ IFG C\u00e2mpus Luzi\u00e2nia \/ Audit\u00f3rio 20\/06\/2018 9:00 \u00e0s 12:00 &#8211;\u00a0Semin\u00e1rio Semin\u00e1rio Educa\u00e7\u00e3o, Trabalho e Pol\u00edticas P\u00fablicas LOCAL: Luzi\u00e2nia \/ IFG C\u00e2mpus Luzi\u00e2nia \/ Audit\u00f3rio 12:00 \u00e0s [&hellip;]<\/p>\n","protected":false},"author":87,"featured_media":0,"parent":0,"menu_order":0,"comment_status":"closed","ping_status":"closed","template":"","meta":{"ngg_post_thumbnail":0,"footnotes":""},"class_list":["post-12","page","type-page","status-publish","hentry"],"_links":{"self":[{"href":"https:\/\/eventos.ifg.edu.br\/feptec\/wp-json\/wp\/v2\/pages\/12"}],"collection":[{"href":"https:\/\/eventos.ifg.edu.br\/feptec\/wp-json\/wp\/v2\/pages"}],"about":[{"href":"https:\/\/eventos.ifg.edu.br\/feptec\/wp-json\/wp\/v2\/types\/page"}],"author":[{"embeddable":true,"href":"https:\/\/eventos.ifg.edu.br\/feptec\/wp-json\/wp\/v2\/users\/87"}],"replies":[{"embeddable":true,"href":"https:\/\/eventos.ifg.edu.br\/feptec\/wp-json\/wp\/v2\/comments?post=12"}],"version-history":[{"count":12,"href":"https:\/\/eventos.ifg.edu.br\/feptec\/wp-json\/wp\/v2\/pages\/12\/revisions"}],"predecessor-version":[{"id":95,"href":"https:\/\/eventos.ifg.edu.br\/feptec\/wp-json\/wp\/v2\/pages\/12\/revisions\/95"}],"wp:attachment":[{"href":"https:\/\/eventos.ifg.edu.br\/feptec\/wp-json\/wp\/v2\/media?parent=12"}],"curies":[{"name":"wp","href":"https:\/\/api.w.org\/{rel}","templated":true}]}}