{"id":818,"date":"2024-10-17T08:45:19","date_gmt":"2024-10-17T11:45:19","guid":{"rendered":"https:\/\/eventos.ifg.edu.br\/eventosmatematica\/?page_id=818"},"modified":"2024-12-05T21:42:03","modified_gmt":"2024-12-06T00:42:03","slug":"noticias","status":"publish","type":"page","link":"https:\/\/eventos.ifg.edu.br\/eventosmatematica\/noticias\/","title":{"rendered":"Not\u00edcias"},"content":{"rendered":"\n<h2 class=\"wp-block-heading\"><\/h2>\n\n\n\n<p><h3 id=\"titulo-noticia\" style=\"cursor: pointer;color: #007bff;text-decoration: underline\">Rela\u00e7\u00e3o de trabalhos aceitos para 15\u00aa Semana da Licenciatura em Matem\u00e1tica<\/h3><\/p>\n\n\n<p style=\"text-align: justify\">A seguir, publicamos a rela\u00e7\u00e3o preliminar dos trabalhos aceitos para apresenta\u00e7\u00e3o na 15\u00aa Semana da Licenciatura em Matem\u00e1tica. Os proponentes devem conferir os e-mails informados na submiss\u00e3o para ter acesso aos pareceres. Lembramos que a apresenta\u00e7\u00e3o no evento, bem como a publica\u00e7\u00e3o do resumo nos anais do evento, est\u00e3o sujeitas \u00e0 realiza\u00e7\u00e3o das recomenda\u00e7\u00f5es realizadas no parecer.<\/p>\n\n\n<h2 class=\"wp-block-heading\"><strong>Comunica\u00e7\u00f5es orais<\/strong><\/h2>\n\n\n<table border=\"1\">\n<thead>\n<tr>\n<th><strong>T\u00edtulo do Trabalho<\/strong><\/th>\n<th><strong>Autores<\/strong><\/th>\n<\/tr>\n<\/thead>\n<tbody>\n<tr>\n<td>Aplicando fun\u00e7\u00f5es no ensino da matem\u00e1tica: enfoque no processo criptogr\u00e1fico<\/td>\n<td>Galdino, N.<\/td>\n<\/tr>\n<tr>\n<td>\u00c1lgebras quadr\u00e1tica e \u00e1lgebra associadas a grafos orientados em n\u00edveis<\/td>\n<td>Vasconcelos, J. E. S.; Fernandes, K. V.; Lima, M. D. de<\/td>\n<\/tr>\n<tr>\n<td>O movimento l\u00f3gico-hist\u00f3rico da rob\u00f3tica pedag\u00f3gica na educa\u00e7\u00e3o matem\u00e1tica na perspectiva da teoria hist\u00f3rico-cultural<\/td>\n<td>Matos, P. V. V.; Vaz, D. A. F.<\/td>\n<\/tr>\n<tr>\n<td>An\u00e1lise da precipita\u00e7\u00e3o nas capitais do nordeste brasileiro utilizando a transformada de Hilbert<\/td>\n<td>Barbosa, M. R. C.; Souza, U. B.<\/td>\n<\/tr>\n<tr>\n<td>Equa\u00e7\u00f5es diferenciais lineares de segunda ordem<\/td>\n<td>Fernandes, K. V.; De Araujo, C. C.<\/td>\n<\/tr>\n<tr>\n<td>Analisando Fundos de Investimentos Pela Linguagem de Programa\u00e7\u00e3o Python<\/td>\n<td>Faria, A. R. de; Lima, M. D. de<\/td>\n<\/tr>\n<tr>\n<td>Desafios e Barreiras de G\u00eanero na Trajet\u00f3ria Profissional de Mulheres na Matem\u00e1tica: Uma An\u00e1lise em uma Institui\u00e7\u00e3o de Ensino Superior de Goi\u00e1s<\/td>\n<td>Oliveira, A. J. A. de; De Jesus, A. C. G.<\/td>\n<\/tr>\n<tr>\n<td>Uma Abordagem Te\u00f3rica Sobre Os Conceitos Fundamentais De Semi-grupo Num\u00e9rico<\/td>\n<td>Galdino, N.; Figueredo, A. F. S.<\/td>\n<\/tr>\n<\/tbody>\n<\/table>\n\n\n<h2 class=\"wp-block-heading\"><strong>Sess\u00e3o de p\u00f4steres<\/strong><\/h2>\n\n\n<table border=\"1\">\n<thead>\n<tr>\n<th><strong>T\u00edtulo do Trabalho<\/strong><\/th>\n<th><strong>Autores<\/strong><\/th>\n<\/tr>\n<\/thead>\n<tbody>\n<tr>\n<td>Uma proposta de sequ\u00eancia did\u00e1tica para o ensino de \u00e1rea e per\u00edmetro de figuras planas para alunos da zona rural, com atividades<\/td>\n<td>Sousa, L. L. de; Reis, H. F. S. do<\/td>\n<\/tr>\n<tr>\n<td>Proje\u00e7\u00f5es da COVID-19 em Inhumas: Uma Aplica\u00e7\u00e3o de Cadeias de Markov no Estudo Epidemiol\u00f3gico<\/td>\n<td>Furlan, P. V. J.; Costa, G. O.<\/td>\n<\/tr>\n<tr>\n<td>An\u00e1lise Clim\u00e1tica em Inhumas: Aplica\u00e7\u00e3o de Cadeias de Markov e Fun\u00e7\u00f5es Trigonom\u00e9tricas<\/td>\n<td>Campos, W. P.; Furlan, P. V. J.<\/td>\n<\/tr>\n<tr>\n<td>MathQuest: Aplicando Tecnologia para Agilizar a Cria\u00e7\u00e3o de Provas<\/td>\n<td>Almeida, D. R.; Furlan, P. V. J.; Silva, M. C. N.; Mendes, P. G. C.; Borges, R. C.<\/td>\n<\/tr>\n<\/tbody>\n<\/table>\n<h3 id=\"titulo-noticia\" style=\"cursor: pointer;color: #007bff;text-decoration: underline\">Prorroga\u00e7\u00e3o do Prazo de Submiss\u00e3o &#8211; 15\u00aa SEMAT<\/h3>\n<div id=\"conteudo-noticia\">\n<p style=\"text-align: justify\">A comiss\u00e3o organizadora anuncia a prorroga\u00e7\u00e3o do prazo de submiss\u00e3o de trabalhos para a 15\u00aa Semana da Licenciatura em Matem\u00e1tica (SEMAT). Agora, os interessados t\u00eam at\u00e9 o dia <span id=\"texto-piscando\" style=\"color: red\"><strong>03 de novembro de 2024<\/strong>&nbsp;<\/span>para enviar seus resumos.<\/p>\n<p style=\"text-align: justify\">A SEMAT \u00e9 um evento gratuito e certificado, promovido anualmente pela CAMAT, que contribui para a forma\u00e7\u00e3o cient\u00edfica, tecnol\u00f3gica e educacional de seus participantes. Com apresenta\u00e7\u00f5es nas modalidades de comunica\u00e7\u00f5es orais, relatos de experi\u00eancia e p\u00f4steres, o evento incentiva a produ\u00e7\u00e3o de conhecimentos e a inova\u00e7\u00e3o, destacando a import\u00e2ncia do engajamento em eventos cient\u00edficos.<\/p>\n<p style=\"text-align: justify\">Os trabalhos podem ser submetidos por meio do formul\u00e1rio dispon\u00edvel no menu &#8220;Submiss\u00f5es&#8221; da p\u00e1gina de eventos da CAMAT. Ser\u00e3o aceitos trabalhos nas \u00e1reas de Matem\u00e1tica, Educa\u00e7\u00e3o Matem\u00e1tica, Matem\u00e1tica Aplicada, Estat\u00edstica ou \u00e1reas afins.<\/p>\n<p style=\"text-align: justify\">O evento ser\u00e1 realizado entre os dias 26 e 28 de novembro de 2024, e os participantes cujos trabalhos forem aprovados dever\u00e3o apresent\u00e1-los durante a programa\u00e7\u00e3o.<\/p>\n<p style=\"text-align: justify\">Para mais informa\u00e7\u00f5es e inscri\u00e7\u00f5es, os interessados devem acessar a p\u00e1gina oficial da CAMAT e seguir as instru\u00e7\u00f5es dispon\u00edveis no menu &#8220;Inscri\u00e7\u00f5es&#8221;.<\/p>\n<\/div>\n<p><!--more--><\/p>\n<h3 id=\"titulo-noticia\" style=\"cursor: pointer;color: #007bff;text-decoration: underline\">15\u00aa Semana da Licenciatura em Matem\u00e1tica<\/h3>\n<p><!-- Conte\u00fado oculto inicialmente --><\/p>\n<div id=\"conteudo-noticia\">\n<p style=\"text-align: justify\">Tem in\u00edcio hoje, 17\/10\/2024, o prazo para submiss\u00e3o de trabalhos para a 15\u00aa Semana da Licenciatura em Matem\u00e1tica do IFG\/C\u00e2mpus Goi\u00e2nia (SEMAT).<\/p>\n<p style=\"text-align: justify\">A SEMAT \u00e9 um evento gratuito, com certificado, promovido todos os anos pela \u00c1rea Acad\u00eamica de Matem\u00e1tica (CAMAT) do C\u00e2mpus Goi\u00e2nia do IFG.<\/p>\n<p style=\"text-align: justify\">A realiza\u00e7\u00e3o deste evento contribui para a forma\u00e7\u00e3o cient\u00edfica, tecnol\u00f3gica, inovadora e educacional dos participantes, incentivando a comunidade \u00e0 criatividade e \u00e0 inova\u00e7\u00e3o na produ\u00e7\u00e3o de conhecimentos, al\u00e9m de destacar a import\u00e2ncia da participa\u00e7\u00e3o nos eventos cient\u00edficos.<\/p>\n<p style=\"text-align: justify\">Os trabalhos poder\u00e3o ser submetidos por meio de formul\u00e1rio pr\u00f3prio, disponibilizado no menu &#8220;Submiss\u00f5es&#8221;, na p\u00e1gina de eventos da CAMAT. As apresenta\u00e7\u00f5es poder\u00e3o ocorrer nas modalidades de comunica\u00e7\u00f5es orais, relatos de experi\u00eancia ou apresenta\u00e7\u00e3o de p\u00f4ster.<\/p>\n<p style=\"text-align: justify\">Ser\u00e3o aceitos trabalhos nas \u00e1reas de Matem\u00e1tica, Educa\u00e7\u00e3o Matem\u00e1tica, Matem\u00e1tica Aplicada, Estat\u00edstica ou \u00e1reas afins. Al\u00e9m de enviar os resumos, os participantes tamb\u00e9m dever\u00e3o apresentar os trabalhos no evento, previsto para ocorrer entre os dias 26 e 28 de novembro de 2024.<\/p>\n<p style=\"text-align: justify\">Para se inscrever no evento, os interessados devem acessar a p\u00e1gina da CAMAT, no menu &#8220;Inscri\u00e7\u00f5es&#8221;, e clicar no link que os redirecionar\u00e1 para a p\u00e1gina de inscri\u00e7\u00f5es.<\/p>\n<\/div>","protected":false},"excerpt":{"rendered":"<p>Rela\u00e7\u00e3o de trabalhos aceitos para 15\u00aa Semana da Licenciatura em Matem\u00e1tica A seguir, publicamos a rela\u00e7\u00e3o preliminar dos trabalhos aceitos para apresenta\u00e7\u00e3o na 15\u00aa Semana da Licenciatura em Matem\u00e1tica. Os proponentes devem conferir os e-mails informados na submiss\u00e3o para ter <a class=\"more-link\" href=\"https:\/\/eventos.ifg.edu.br\/eventosmatematica\/noticias\/\">Leia mais&#8230; &raquo;<\/a><\/p>\n","protected":false},"author":100,"featured_media":0,"parent":0,"menu_order":0,"comment_status":"closed","ping_status":"closed","template":"","meta":{"ngg_post_thumbnail":0,"footnotes":""},"class_list":["post-818","page","type-page","status-publish","hentry"],"_links":{"self":[{"href":"https:\/\/eventos.ifg.edu.br\/eventosmatematica\/wp-json\/wp\/v2\/pages\/818"}],"collection":[{"href":"https:\/\/eventos.ifg.edu.br\/eventosmatematica\/wp-json\/wp\/v2\/pages"}],"about":[{"href":"https:\/\/eventos.ifg.edu.br\/eventosmatematica\/wp-json\/wp\/v2\/types\/page"}],"author":[{"embeddable":true,"href":"https:\/\/eventos.ifg.edu.br\/eventosmatematica\/wp-json\/wp\/v2\/users\/100"}],"replies":[{"embeddable":true,"href":"https:\/\/eventos.ifg.edu.br\/eventosmatematica\/wp-json\/wp\/v2\/comments?post=818"}],"version-history":[{"count":26,"href":"https:\/\/eventos.ifg.edu.br\/eventosmatematica\/wp-json\/wp\/v2\/pages\/818\/revisions"}],"predecessor-version":[{"id":987,"href":"https:\/\/eventos.ifg.edu.br\/eventosmatematica\/wp-json\/wp\/v2\/pages\/818\/revisions\/987"}],"wp:attachment":[{"href":"https:\/\/eventos.ifg.edu.br\/eventosmatematica\/wp-json\/wp\/v2\/media?parent=818"}],"curies":[{"name":"wp","href":"https:\/\/api.w.org\/{rel}","templated":true}]}}