{"id":182,"date":"2019-11-22T09:15:45","date_gmt":"2019-11-22T12:15:45","guid":{"rendered":"http:\/\/eventos.ifg.edu.br\/eventosmatematica\/?page_id=182"},"modified":"2025-11-04T21:14:25","modified_gmt":"2025-11-05T00:14:25","slug":"publicacoes","status":"publish","type":"page","link":"https:\/\/eventos.ifg.edu.br\/eventosmatematica\/comat\/publicacoes\/","title":{"rendered":"Publica\u00e7\u00f5es"},"content":{"rendered":"<p>Anais das edi\u00e7\u00f5es anteriores da Semana da Licenciatura em Matem\u00e1tica<\/p>\n<p><a href=\"http:\/\/eventos.ifg.edu.br\/eventosmatematica\/wp-content\/uploads\/sites\/46\/2025\/11\/Anais15a-2024.pdf\">Anais15a Semat<\/a><\/p>\n<ul>\n<li><a href=\"http:\/\/eventos.ifg.edu.br\/eventosmatematica\/wp-content\/uploads\/sites\/46\/2019\/11\/Anais_XSEMAT_compressed.pdf\">10\u00aa SeMaT<\/a><\/li>\n<li><a href=\"https:\/\/github.com\/supervedovatto\/SeMatSubmissoes\/raw\/master\/Anais%20-%2011%C2%AA%20SeMaT.pdf\">11\u00aa SeMaT<\/a><\/li>\n<\/ul>\n<p><a href=\"http:\/\/eventos.ifg.edu.br\/eventosmatematica\/wp-content\/uploads\/sites\/46\/2019\/11\/XSEMATGrafica_compressed.pdf\">CAT\u00c1LOGO &#8211; 10\u00aa Semana da Licenciatura em Matem\u00e1tica do IFG\/C\u00e2mpus Goi\u00e2nia.<\/a><\/p>\n\n\n<p><\/p>\n","protected":false},"excerpt":{"rendered":"<p>Anais das edi\u00e7\u00f5es anteriores da Semana da Licenciatura em Matem\u00e1tica Anais15a Semat 10\u00aa SeMaT 11\u00aa SeMaT CAT\u00c1LOGO &#8211; 10\u00aa Semana da Licenciatura em Matem\u00e1tica do IFG\/C\u00e2mpus Goi\u00e2nia.<\/p>\n","protected":false},"author":81,"featured_media":0,"parent":2,"menu_order":3,"comment_status":"closed","ping_status":"closed","template":"","meta":{"ngg_post_thumbnail":0,"footnotes":""},"class_list":["post-182","page","type-page","status-publish","hentry"],"_links":{"self":[{"href":"https:\/\/eventos.ifg.edu.br\/eventosmatematica\/wp-json\/wp\/v2\/pages\/182"}],"collection":[{"href":"https:\/\/eventos.ifg.edu.br\/eventosmatematica\/wp-json\/wp\/v2\/pages"}],"about":[{"href":"https:\/\/eventos.ifg.edu.br\/eventosmatematica\/wp-json\/wp\/v2\/types\/page"}],"author":[{"embeddable":true,"href":"https:\/\/eventos.ifg.edu.br\/eventosmatematica\/wp-json\/wp\/v2\/users\/81"}],"replies":[{"embeddable":true,"href":"https:\/\/eventos.ifg.edu.br\/eventosmatematica\/wp-json\/wp\/v2\/comments?post=182"}],"version-history":[{"count":7,"href":"https:\/\/eventos.ifg.edu.br\/eventosmatematica\/wp-json\/wp\/v2\/pages\/182\/revisions"}],"predecessor-version":[{"id":1076,"href":"https:\/\/eventos.ifg.edu.br\/eventosmatematica\/wp-json\/wp\/v2\/pages\/182\/revisions\/1076"}],"up":[{"embeddable":true,"href":"https:\/\/eventos.ifg.edu.br\/eventosmatematica\/wp-json\/wp\/v2\/pages\/2"}],"wp:attachment":[{"href":"https:\/\/eventos.ifg.edu.br\/eventosmatematica\/wp-json\/wp\/v2\/media?parent=182"}],"curies":[{"name":"wp","href":"https:\/\/api.w.org\/{rel}","templated":true}]}}