{"id":159,"date":"2019-03-31T19:01:18","date_gmt":"2019-03-31T22:01:18","guid":{"rendered":"http:\/\/eventos.ifg.edu.br\/eventosmatematica\/?page_id=159"},"modified":"2024-10-17T07:57:50","modified_gmt":"2024-10-17T10:57:50","slug":"inscricoes","status":"publish","type":"page","link":"https:\/\/eventos.ifg.edu.br\/eventosmatematica\/semana-da-matematica\/inscricoes\/","title":{"rendered":"Inscri\u00e7\u00f5es"},"content":{"rendered":"<h6>As inscri\u00e7\u00f5es para a 15\u00aa Semana da Licenciatura em Matem\u00e1tica do IFG\/Campus Goi\u00e2nia est\u00e3o previstas para ocorrer no per\u00edodo de 01\/10\/2024 \u00e0 28\/11\/2024 por meio do portal de eventos do Instituto Federal de Goi\u00e1s. Acesse o link e fa\u00e7a sua inscri\u00e7\u00e3o.<\/h6>\n<p><a href=\"https:\/\/sugep.ifg.edu.br\/eventos\/\/#\/publico\/eventos\/1a2615fd-bfa9-458d-bc9e-26eb30293408\/inscricao\"><button type=\"button\">Portal SUGEP<\/button><\/a><\/p>\n","protected":false},"excerpt":{"rendered":"<p>As inscri\u00e7\u00f5es para a 15\u00aa Semana da Licenciatura em Matem\u00e1tica do IFG\/Campus Goi\u00e2nia est\u00e3o previstas para ocorrer no per\u00edodo de 01\/10\/2024 \u00e0 28\/11\/2024 por meio do portal de eventos do Instituto Federal de Goi\u00e1s. Acesse o link e fa\u00e7a sua <a class=\"more-link\" href=\"https:\/\/eventos.ifg.edu.br\/eventosmatematica\/semana-da-matematica\/inscricoes\/\">Leia mais&#8230; &raquo;<\/a><\/p>\n","protected":false},"author":100,"featured_media":0,"parent":9,"menu_order":1,"comment_status":"closed","ping_status":"closed","template":"","meta":{"ngg_post_thumbnail":0,"footnotes":""},"class_list":["post-159","page","type-page","status-publish","hentry"],"_links":{"self":[{"href":"https:\/\/eventos.ifg.edu.br\/eventosmatematica\/wp-json\/wp\/v2\/pages\/159"}],"collection":[{"href":"https:\/\/eventos.ifg.edu.br\/eventosmatematica\/wp-json\/wp\/v2\/pages"}],"about":[{"href":"https:\/\/eventos.ifg.edu.br\/eventosmatematica\/wp-json\/wp\/v2\/types\/page"}],"author":[{"embeddable":true,"href":"https:\/\/eventos.ifg.edu.br\/eventosmatematica\/wp-json\/wp\/v2\/users\/100"}],"replies":[{"embeddable":true,"href":"https:\/\/eventos.ifg.edu.br\/eventosmatematica\/wp-json\/wp\/v2\/comments?post=159"}],"version-history":[{"count":61,"href":"https:\/\/eventos.ifg.edu.br\/eventosmatematica\/wp-json\/wp\/v2\/pages\/159\/revisions"}],"predecessor-version":[{"id":800,"href":"https:\/\/eventos.ifg.edu.br\/eventosmatematica\/wp-json\/wp\/v2\/pages\/159\/revisions\/800"}],"up":[{"embeddable":true,"href":"https:\/\/eventos.ifg.edu.br\/eventosmatematica\/wp-json\/wp\/v2\/pages\/9"}],"wp:attachment":[{"href":"https:\/\/eventos.ifg.edu.br\/eventosmatematica\/wp-json\/wp\/v2\/media?parent=159"}],"curies":[{"name":"wp","href":"https:\/\/api.w.org\/{rel}","templated":true}]}}

Inscrições

<h6>As inscrições para a 15ª Semana da Licenciatura em Matemática do IFG/Campus Goiânia estão previstas para ocorrer no período de 01/10/2024 à 28/11/2024 por meio do portal de eventos do Instituto Federal de Goiás. Acesse o link e faça sua inscrição.</h6>
<p><a href="https://sugep.ifg.edu.br/eventos//#/publico/eventos/1a2615fd-bfa9-458d-bc9e-26eb30293408/inscricao"><button type="button">Portal SUGEP</button></a></p>

<p>As inscrições para a 15ª Semana da Licenciatura em Matemática do IFG/Campus Goiânia estão previstas para ocorrer no período de 01/10/2024 à 28/11/2024 por meio do portal de eventos do Instituto Federal de Goiás. Acesse o link e faça sua <a class="more-link" href="https://eventos.ifg.edu.br/eventosmatematica/semana-da-matematica/inscricoes/">Leia mais&#8230; &raquo;</a></p>
