{"id":17,"date":"2017-06-02T11:45:34","date_gmt":"2017-06-02T14:45:34","guid":{"rendered":"http:\/\/eventos.ifg.edu.br\/erescer2017\/?page_id=17"},"modified":"2017-06-14T12:50:33","modified_gmt":"2017-06-14T15:50:33","slug":"inscricoes","status":"publish","type":"page","link":"https:\/\/eventos.ifg.edu.br\/erescer2017\/inscricoes\/","title":{"rendered":"Inscri\u00e7\u00f5es"},"content":{"rendered":"<h1 class=\"entry-title\">Sistema de Inscri\u00e7\u00f5es II ERESCER<\/h1>\n<p>&nbsp;<\/p>\n<p><strong>Por favor, antes de acessar o sistema leia as instru\u00e7\u00f5es abaixo:<\/strong><\/p>\n<p>O Sistema de inscri\u00e7\u00e3o est\u00e1 dividido em duas partes, sendo:<\/p>\n<ol>\n<li>A primeira etapa \u00e9 a parte do cadastro do usu\u00e1rio no sistema<\/li>\n<li>A segunda etapa \u00e9 a inscri\u00e7\u00e3o do usu\u00e1rio nas atividades do evento.<\/li>\n<\/ol>\n<ul>\n<li>Para realizar o seu <a href=\"https:\/\/sugep.ifg.edu.br\/eventos\/administracao\/inscricoes.html?q12we34rt56yu78io90p=AFD8ZGjQAlTwg2xVcAbEGg==\" target=\"_blank\"><strong>CADASTRO <\/strong><\/a>basta clicar no seguinte link <a href=\"https:\/\/sugep.ifg.edu.br\/eventos\/administracao\/inscricoes.html?q12we34rt56yu78io90p=AFD8ZGjQAlTwg2xVcAbEGg==\" target=\"_blank\">Sistema de Inscri\u00e7\u00f5es do ERESCER.<\/a><\/li>\n<li>No ato do cadastro ser\u00e1 enviado as suas credenciais por e-mail. E ent\u00e3o, voc\u00ea poder\u00e1 se inscrever nas atividades do evento no seguinte link:\u00a0<a href=\"https:\/\/sugep.ifg.edu.br\/eventos\/administracao\/index.html#\">https:\/\/sugep.ifg.edu.br\/eventos\/administracao\/index.html#<\/a><\/li>\n<\/ul>\n","protected":false},"excerpt":{"rendered":"<p>Sistema de Inscri\u00e7\u00f5es II ERESCER &nbsp; Por favor, antes de acessar o sistema leia as instru\u00e7\u00f5es abaixo: O Sistema de inscri\u00e7\u00e3o est\u00e1 dividido em duas partes, sendo: A primeira etapa \u00e9 a parte do cadastro do usu\u00e1rio no sistema A segunda etapa \u00e9 a inscri\u00e7\u00e3o do usu\u00e1rio nas atividades do evento. Para realizar o seu [&hellip;]<\/p>\n","protected":false},"author":45,"featured_media":0,"parent":0,"menu_order":0,"comment_status":"closed","ping_status":"closed","template":"","meta":{"ngg_post_thumbnail":0,"footnotes":""},"class_list":["post-17","page","type-page","status-publish","hentry"],"_links":{"self":[{"href":"https:\/\/eventos.ifg.edu.br\/erescer2017\/wp-json\/wp\/v2\/pages\/17"}],"collection":[{"href":"https:\/\/eventos.ifg.edu.br\/erescer2017\/wp-json\/wp\/v2\/pages"}],"about":[{"href":"https:\/\/eventos.ifg.edu.br\/erescer2017\/wp-json\/wp\/v2\/types\/page"}],"author":[{"embeddable":true,"href":"https:\/\/eventos.ifg.edu.br\/erescer2017\/wp-json\/wp\/v2\/users\/45"}],"replies":[{"embeddable":true,"href":"https:\/\/eventos.ifg.edu.br\/erescer2017\/wp-json\/wp\/v2\/comments?post=17"}],"version-history":[{"count":8,"href":"https:\/\/eventos.ifg.edu.br\/erescer2017\/wp-json\/wp\/v2\/pages\/17\/revisions"}],"predecessor-version":[{"id":78,"href":"https:\/\/eventos.ifg.edu.br\/erescer2017\/wp-json\/wp\/v2\/pages\/17\/revisions\/78"}],"wp:attachment":[{"href":"https:\/\/eventos.ifg.edu.br\/erescer2017\/wp-json\/wp\/v2\/media?parent=17"}],"curies":[{"name":"wp","href":"https:\/\/api.w.org\/{rel}","templated":true}]}}