{"id":18,"date":"2018-02-08T09:01:25","date_gmt":"2018-02-08T11:01:25","guid":{"rendered":"http:\/\/eventos.ifg.edu.br\/epepe\/?page_id=18"},"modified":"2018-04-19T09:39:15","modified_gmt":"2018-04-19T12:39:15","slug":"expediente","status":"publish","type":"page","link":"https:\/\/eventos.ifg.edu.br\/epepe\/expediente\/","title":{"rendered":"Expediente"},"content":{"rendered":"<h2>Organiza\u00e7\u00e3o:<\/h2>\n<p>NuPEPE &#8211;\u00a0 N\u00facleo de Pesquisa e Extens\u00e3o em Processos Educacionais<\/p>\n<p>Instituto Federal de Educa\u00e7\u00e3o, Ci\u00eancia e Tecnologia de Goi\u00e1s \u2013 IFG-Itumbiara<\/p>\n<h2>Colaboradores:<\/h2>\n<p>PET Qu\u00edmica: Educa\u00e7\u00e3o, Ambiente e Sociedade &#8211; IFG\/C\u00e2mpus Itumbiara; N\u00facleo de Pesquisa e Estudos em Qu\u00edmica de Goi\u00e1s \u2013 NuPEQUI;<\/p>\n<p>PIBID Qu\u00edmica- IFG\/C\u00e2mpus Itumbiara.<\/p>\n<p>Secretaria Municipal de Educa\u00e7\u00e3o<\/p>\n<p>Subsecretaria Estadual de Educa\u00e7\u00e3o de Goi\u00e1s<\/p>\n<p>Instituto Federal Goiano (IFGoiano)<\/p>\n<p>Instituto Federal do Tri\u00e2ngulo Mineiro (IFTM)<\/p>\n<p>Universidade Estadual de Goi\u00e1s\/Regional Itumbiara<\/p>\n<p>ULBRA (Itumbiara)<\/p>\n<p>UNOPAR (Itumbiara).<\/p>\n<h2><\/h2>\n<h2>Comiss\u00e3o organizadora:<\/h2>\n<p>Prof\u00aa. Dra. Karla Am\u00e2ncio Pinto Field\u00b4s. (IFG -Itumbiara)<\/p>\n<p>Prof\u00aa. Dra. Marlene Ribeiro da Silva Graciano (IFG -Itumbiara)<\/p>\n<p>Me.\u00a0Elizabete de Paula Pacheco (IFG -Itumbiara)<\/p>\n<p>Prof\u00aa. Me. Dayana Figueiredo Abdalla (IFG -Itumbiara)<\/p>\n<p>Especialista Andrea Gomes Cardoso (IFG -Itumbiara)<\/p>\n<p>Doutoranda Roberta Rodrigues Ponciano (IFG -Itumbiara)<\/p>\n<p>Doutoranda\u00a0S\u00f4nia Ferreira de Jesus (IFG -Itumbiara)<\/p>\n<p>Prof\u00aa. Me. Giselle Carvalho Bernardes (IFG &#8211; Itumbiara)<\/p>\n<p>Me. L\u00edgia Viana Andrade (IFG -Itumbiara)<\/p>\n<h2>Comiss\u00e3o cient\u00edfica:<\/h2>\n<p>Prof\u00aa. Dra. Marlene Ribeiro da Silva Graciano\u00a0 (IFG -Itumbiara)<\/p>\n<p>Prof. Dr. Fernando dos Reis de Carvalho\u00a0 (IFG -Itumbiara)<\/p>\n<p>Prof\u00aa. Dra. Karla Am\u00e2ncio Pinto Field\u00b4s. (IFG -Itumbiara)<\/p>\n<p>Prof\u00aa Dra.\u00a0Blyeny Hatalita Pereira Alves (IFG &#8211; Itumbiara)<\/p>\n<p>Prof\u00aa. Dra. Simone Machado Goulart (IFG -Itumbiara)<\/p>\n<p>Prof\u00aa. Dra. Raquel Aparecida Souza (IFG -Itumbiara)<\/p>\n<p>Prof. Dr. Jo\u00e3o Paulo Victorino Santos (IFG -Itumbiara)<\/p>\n<p>Prof\u00aa. Dra. Rachel Benta Messias Bastos (IFG -Goi\u00e2nia Oeste)<\/p>\n<p>&nbsp;<\/p>\n<p><strong>Equipe T\u00e9cnica:<\/strong><\/p>\n<p>Me. Leonardo Garcia Marques (TI &#8211; IFG -Itumbiara)<\/p>\n<p>Me. Gesmar de Paulo Santos Junior (TI- IFG \u2013Itumbiara)<\/p>\n<p>Fabiano L\u00facio Peres (\u00c1udio visual- IFG -Itumbiara)<\/p>\n<p>Brunna Santos de\u00a0 Souza (Jornalista IFG -Itumbiara)<\/p>\n<p>Eduardo Garcia T\u00e9cnico de inform\u00e1tica \u2013 Webdesigner<\/p>\n<p>Alessandra Tim\u00f3teo Cardoso (Aluno &#8211; IFG\/PET\/ Itumbiara)<\/p>\n<p>Nayara Martins Vieira (Aluno &#8211; IFG\/PET\/ Itumbiara)<\/p>\n<p>J\u00e9ssica Honorato Borges (Aluno- IFG\/NuPEPE\/ Itumbiara)<\/p>\n<p>Reyla Rodrigues Ribeiro (Aluno- IFG\/NuPEPE\/ Itumbiara)<\/p>\n<p>Levy Silva Ribeiro (Aluno- IFG\/NuPEPE\/ Itumbiara)<\/p>\n<p>&nbsp;<\/p>\n","protected":false},"excerpt":{"rendered":"<p>Organiza\u00e7\u00e3o: NuPEPE &#8211;\u00a0 N\u00facleo de Pesquisa e Extens\u00e3o em Processos Educacionais Instituto Federal de Educa\u00e7\u00e3o, Ci\u00eancia e Tecnologia de Goi\u00e1s \u2013 IFG-Itumbiara Colaboradores: PET Qu\u00edmica: Educa\u00e7\u00e3o, Ambiente e Sociedade &#8211; IFG\/C\u00e2mpus Itumbiara; N\u00facleo de Pesquisa e Estudos em Qu\u00edmica de Goi\u00e1s \u2013 NuPEQUI; PIBID Qu\u00edmica- IFG\/C\u00e2mpus Itumbiara. Secretaria Municipal de Educa\u00e7\u00e3o Subsecretaria Estadual de Educa\u00e7\u00e3o [&hellip;]<\/p>\n","protected":false},"author":23,"featured_media":0,"parent":0,"menu_order":0,"comment_status":"closed","ping_status":"closed","template":"","meta":{"ngg_post_thumbnail":0,"footnotes":""},"class_list":["post-18","page","type-page","status-publish","hentry"],"_links":{"self":[{"href":"https:\/\/eventos.ifg.edu.br\/epepe\/wp-json\/wp\/v2\/pages\/18"}],"collection":[{"href":"https:\/\/eventos.ifg.edu.br\/epepe\/wp-json\/wp\/v2\/pages"}],"about":[{"href":"https:\/\/eventos.ifg.edu.br\/epepe\/wp-json\/wp\/v2\/types\/page"}],"author":[{"embeddable":true,"href":"https:\/\/eventos.ifg.edu.br\/epepe\/wp-json\/wp\/v2\/users\/23"}],"replies":[{"embeddable":true,"href":"https:\/\/eventos.ifg.edu.br\/epepe\/wp-json\/wp\/v2\/comments?post=18"}],"version-history":[{"count":9,"href":"https:\/\/eventos.ifg.edu.br\/epepe\/wp-json\/wp\/v2\/pages\/18\/revisions"}],"predecessor-version":[{"id":227,"href":"https:\/\/eventos.ifg.edu.br\/epepe\/wp-json\/wp\/v2\/pages\/18\/revisions\/227"}],"wp:attachment":[{"href":"https:\/\/eventos.ifg.edu.br\/epepe\/wp-json\/wp\/v2\/media?parent=18"}],"curies":[{"name":"wp","href":"https:\/\/api.w.org\/{rel}","templated":true}]}}