{"id":237,"date":"2018-10-09T15:59:15","date_gmt":"2018-10-09T18:59:15","guid":{"rendered":"http:\/\/eventos.ifg.edu.br\/encontropsicologosifs\/?page_id=237"},"modified":"2018-10-09T15:59:15","modified_gmt":"2018-10-09T18:59:15","slug":"palestrantes","status":"publish","type":"page","link":"https:\/\/eventos.ifg.edu.br\/encontropsicologosifs\/palestrantes\/","title":{"rendered":"PALESTRANTES"},"content":{"rendered":"<div><strong>Prof\u00aa. Dr.\u00aa Ionara Vieira Moura Rabelo (UFG\/Presidente do CRP \u2013 9\u00aa Regi\u00e3o)<\/strong><\/p>\n<p>Psic\u00f3loga, Doutora em Psicologia. Professora adjunta da Universidade Federal de Goi\u00e1s\/ Regional Goi\u00e1s e professora da Universidade Paulista (UNIP- Campus Flamboyant\/Goi\u00e2nia). Psic\u00f3loga do N\u00facleo de Vigil\u00e2ncia \u00e0s Viol\u00eancias e Promo\u00e7\u00e3o da Sa\u00fade, Secretaria Municipal de Sa\u00fade da cidade de Goi\u00e2nia. Psic\u00f3loga na organiza\u00e7\u00e3o M\u00e9dicos sem Fronteiras. Presidenta do Conselho Regional de Psicologia 9\u00aa Regi\u00e3o.<\/p>\n<p><strong>Prof\u00aa. Dr.\u00aa&nbsp;Alba Santana (UFG)<\/strong><\/div>\n<div>\nPsic\u00f3loga, especialista em Psicologia Escolar, mestre e doutora em Psicologia. Professora na UFG. Conselheira no CRP 09. Pesquisadora nas \u00e1reas de Psicologia Escolar, Pol\u00edticas Educacionais e Forma\u00e7\u00e3o Docente.<\/p>\n<p><strong>Prof. Ms. Wadson Arantes Gama \u2013 PUC-GO<\/strong><\/div>\n<div>\nBacharel pela Pontif\u00edcia Universidade Cat\u00f3lica de Goi\u00e1s (1993), gradua\u00e7\u00e3o em Psic\u00f3logo pela Pontif\u00edcia Universidade Cat\u00f3lica de Goi\u00e1s (1993), gradua\u00e7\u00e3o em Licenciado pela Pontif\u00edcia Universidade Cat\u00f3lica de Goi\u00e1s (1993) e mestrado em Psicologia pela Pontif\u00edcia Universidade Cat\u00f3lica de Goi\u00e1s (2014). Professor assistente da Faculdade de Piracanjuba, professor visitante da Pontif\u00edcia Universidade Cat\u00f3lica de Goi\u00e1s, Professor de p\u00f3s gradua\u00e7\u00e3o do IPOG , atuando principalmente nos seguintes temas: psicologia social comunit\u00e1ria e organizacional e do trabalho, teatro, pessoa idosa, psicologia clinica fenomenol\u00f3gica e subjetividade.<\/div>\n<div>&nbsp;<\/div>\n<div><strong>Prof. Dr. Marcelo da Silva Ara\u00fajo Tavares (Unb)<\/strong><\/p>\n<p>\u00c9 Psic\u00f3logo Cl\u00ednico, mestre e doutor pela United States International University (1993; atual Alliant University, EUA). \u00c9 coordenador do N\u00facleo de Interven\u00e7\u00e3o em Crise e Preven\u00e7\u00e3o de Suic\u00eddio do Instituto de Psicologia da UnB, desde 1995. Participou da constru\u00e7\u00e3o das Diretrizes Nacionais de Preven\u00e7\u00e3o do Suic\u00eddio (MS, 2005-2006) e do Plano Distrital de Preven\u00e7\u00e3o de Suic\u00eddio (DF, 2012-2016). \u00c9 Membro da International Association for Suicide Prevention (IASP). Instituiu o Programa de Sa\u00fade Integral do Universit\u00e1rio (PSIU\/UnB; 2003-2010). Atualmente pesquisa e supervisiona o projeto Espa\u00e7o de Express\u00e3o e Escuta em escolas do ensino m\u00e9dio com o m\u00e9todo de Escuta Focada na Experi\u00eancia. Ministra cursos e d\u00e1 consultoria na aplica\u00e7\u00e3o de um paradigma de preven\u00e7\u00e3o em institui\u00e7\u00f5es de ensino, a fim de estimular o desenvolvimento de um ambiente emocional, social, acad\u00eamico e profissional seguro, visando \u00e0 diminui\u00e7\u00e3o da frequ\u00eancia, dura\u00e7\u00e3o e intensidade do comportamento de risco e das crises emocionais com sofrimento ps\u00edquico grave.<\/p><\/div>\n","protected":false},"excerpt":{"rendered":"<p>Prof\u00aa. Dr.\u00aa Ionara Vieira Moura Rabelo (UFG\/Presidente do CRP \u2013 9\u00aa Regi\u00e3o) Psic\u00f3loga, Doutora em Psicologia. Professora adjunta da Universidade Federal de Goi\u00e1s\/ Regional Goi\u00e1s e professora da Universidade Paulista (UNIP- Campus Flamboyant\/Goi\u00e2nia). Psic\u00f3loga do N\u00facleo de Vigil\u00e2ncia \u00e0s Viol\u00eancias e Promo\u00e7\u00e3o da Sa\u00fade, Secretaria Municipal de Sa\u00fade da cidade de Goi\u00e2nia. Psic\u00f3loga na organiza\u00e7\u00e3o <a class=\"more-link\" href=\"https:\/\/eventos.ifg.edu.br\/encontropsicologosifs\/palestrantes\/\">&hellip; Continue lendo&hellip; &rarr;<\/a><\/p>\n","protected":false},"author":89,"featured_media":0,"parent":0,"menu_order":0,"comment_status":"closed","ping_status":"closed","template":"","meta":{"ngg_post_thumbnail":0,"footnotes":""},"class_list":["post-237","page","type-page","status-publish","hentry"],"_links":{"self":[{"href":"https:\/\/eventos.ifg.edu.br\/encontropsicologosifs\/wp-json\/wp\/v2\/pages\/237"}],"collection":[{"href":"https:\/\/eventos.ifg.edu.br\/encontropsicologosifs\/wp-json\/wp\/v2\/pages"}],"about":[{"href":"https:\/\/eventos.ifg.edu.br\/encontropsicologosifs\/wp-json\/wp\/v2\/types\/page"}],"author":[{"embeddable":true,"href":"https:\/\/eventos.ifg.edu.br\/encontropsicologosifs\/wp-json\/wp\/v2\/users\/89"}],"replies":[{"embeddable":true,"href":"https:\/\/eventos.ifg.edu.br\/encontropsicologosifs\/wp-json\/wp\/v2\/comments?post=237"}],"version-history":[{"count":1,"href":"https:\/\/eventos.ifg.edu.br\/encontropsicologosifs\/wp-json\/wp\/v2\/pages\/237\/revisions"}],"predecessor-version":[{"id":238,"href":"https:\/\/eventos.ifg.edu.br\/encontropsicologosifs\/wp-json\/wp\/v2\/pages\/237\/revisions\/238"}],"wp:attachment":[{"href":"https:\/\/eventos.ifg.edu.br\/encontropsicologosifs\/wp-json\/wp\/v2\/media?parent=237"}],"curies":[{"name":"wp","href":"https:\/\/api.w.org\/{rel}","templated":true}]}}

<div><strong>Profª. Dr.ª Ionara Vieira Moura Rabelo (UFG/Presidente do CRP – 9ª Região)</strong></p>
<p>Psicóloga, Doutora em Psicologia. Professora adjunta da Universidade Federal de Goiás/ Regional Goiás e professora da Universidade Paulista (UNIP- Campus Flamboyant/Goiânia). Psicóloga do Núcleo de Vigilância às Violências e Promoção da Saúde, Secretaria Municipal de Saúde da cidade de Goiânia. Psicóloga na organização Médicos sem Fronteiras. Presidenta do Conselho Regional de Psicologia 9ª Região.</p>
<p><strong>Profª. Dr.ª&nbsp;Alba Santana (UFG)</strong></div>
<div>
Psicóloga, especialista em Psicologia Escolar, mestre e doutora em Psicologia. Professora na UFG. Conselheira no CRP 09. Pesquisadora nas áreas de Psicologia Escolar, Políticas Educacionais e Formação Docente.</p>
<p><strong>Prof. Ms. Wadson Arantes Gama – PUC-GO</strong></div>
<div>
Bacharel pela Pontifícia Universidade Católica de Goiás (1993), graduação em Psicólogo pela Pontifícia Universidade Católica de Goiás (1993), graduação em Licenciado pela Pontifícia Universidade Católica de Goiás (1993) e mestrado em Psicologia pela Pontifícia Universidade Católica de Goiás (2014). Professor assistente da Faculdade de Piracanjuba, professor visitante da Pontifícia Universidade Católica de Goiás, Professor de pós graduação do IPOG , atuando principalmente nos seguintes temas: psicologia social comunitária e organizacional e do trabalho, teatro, pessoa idosa, psicologia clinica fenomenológica e subjetividade.</div>
<div>&nbsp;</div>
<div><strong>Prof. Dr. Marcelo da Silva Araújo Tavares (Unb)</strong></p>
<p>É Psicólogo Clínico, mestre e doutor pela United States International University (1993; atual Alliant University, EUA). É coordenador do Núcleo de Intervenção em Crise e Prevenção de Suicídio do Instituto de Psicologia da UnB, desde 1995. Participou da construção das Diretrizes Nacionais de Prevenção do Suicídio (MS, 2005-2006) e do Plano Distrital de Prevenção de Suicídio (DF, 2012-2016). É Membro da International Association for Suicide Prevention (IASP). Instituiu o Programa de Saúde Integral do Universitário (PSIU/UnB; 2003-2010). Atualmente pesquisa e supervisiona o projeto Espaço de Expressão e Escuta em escolas do ensino médio com o método de Escuta Focada na Experiência. Ministra cursos e dá consultoria na aplicação de um paradigma de prevenção em instituições de ensino, a fim de estimular o desenvolvimento de um ambiente emocional, social, acadêmico e profissional seguro, visando à diminuição da frequência, duração e intensidade do comportamento de risco e das crises emocionais com sofrimento psíquico grave.</p></div>

<p>Profª. Dr.ª Ionara Vieira Moura Rabelo (UFG/Presidente do CRP – 9ª Região) Psicóloga, Doutora em Psicologia. Professora adjunta da Universidade Federal de Goiás/ Regional Goiás e professora da Universidade Paulista (UNIP- Campus Flamboyant/Goiânia). Psicóloga do Núcleo de Vigilância às Violências e Promoção da Saúde, Secretaria Municipal de Saúde da cidade de Goiânia. Psicóloga na organização <a class="more-link" href="https://eventos.ifg.edu.br/encontropsicologosifs/palestrantes/">&hellip; Continue lendo&hellip; &rarr;</a></p>
