{"id":18,"date":"2018-07-20T16:36:36","date_gmt":"2018-07-20T19:36:36","guid":{"rendered":"http:\/\/eventos.ifg.edu.br\/encontropsicologosifs\/?page_id=18"},"modified":"2018-08-07T11:18:00","modified_gmt":"2018-08-07T14:18:00","slug":"inscricoes","status":"publish","type":"page","link":"https:\/\/eventos.ifg.edu.br\/encontropsicologosifs\/inscricoes\/","title":{"rendered":"INSCRI\u00c7\u00d5ES"},"content":{"rendered":"<p><!--more--><\/p>\n<p>O III Encontro Nacional de Psic\u00f3logos dos IFs ocorrer\u00e1 no IFG- C\u00e2mpus Goi\u00e2nia, na cidade de Goi\u00e2nia &#8211; GO, nos dias 17, 18 e 19 de outubro de 2018.<\/p>\n<p><strong>O per\u00edodo de inscri\u00e7\u00f5es ser\u00e1 de 01\/08\/2018 a 12\/10\/2018 e o evento ser\u00e1 totalmente gratuito.<\/strong><\/p>\n<p><strong>Para realizar a sua inscri\u00e7\u00e3o,<\/strong> <a href=\"https:\/\/sugep.ifg.edu.br\/eventos\/#\/publico\/eventos\/f85f57f3-4df5-4410-b438-c66373969f2a\/inscricao\"><strong>CLIQUE AQUI<\/strong><\/a>.<\/p>\n<p>Ap\u00f3s realizar sua inscri\u00e7\u00e3o pelo link acima, voc\u00ea receber\u00e1 um email de confirma\u00e7\u00e3o contendo formul\u00e1rio para preenchimento com informa\u00e7\u00f5es complementares.<\/p>\n<p>Em caso de d\u00favidas quanto a sua inscri\u00e7\u00e3o ou caso queira entrar em contato com a\u00a0Comiss\u00e3o Organizadora\u00a0do Evento, envie e-mail para encontrodepsicologia@ifg.edu.br.<\/p>\n<p>As informa\u00e7\u00f5es referentes a localiza\u00e7\u00e3o, hospedagem e alimenta\u00e7\u00e3o est\u00e3o dispon\u00edveis nas abas do site.<\/p>\n","protected":false},"excerpt":{"rendered":"","protected":false},"author":89,"featured_media":127,"parent":0,"menu_order":4,"comment_status":"closed","ping_status":"closed","template":"","meta":{"ngg_post_thumbnail":0,"footnotes":""},"class_list":["post-18","page","type-page","status-publish","has-post-thumbnail","hentry"],"_links":{"self":[{"href":"https:\/\/eventos.ifg.edu.br\/encontropsicologosifs\/wp-json\/wp\/v2\/pages\/18"}],"collection":[{"href":"https:\/\/eventos.ifg.edu.br\/encontropsicologosifs\/wp-json\/wp\/v2\/pages"}],"about":[{"href":"https:\/\/eventos.ifg.edu.br\/encontropsicologosifs\/wp-json\/wp\/v2\/types\/page"}],"author":[{"embeddable":true,"href":"https:\/\/eventos.ifg.edu.br\/encontropsicologosifs\/wp-json\/wp\/v2\/users\/89"}],"replies":[{"embeddable":true,"href":"https:\/\/eventos.ifg.edu.br\/encontropsicologosifs\/wp-json\/wp\/v2\/comments?post=18"}],"version-history":[{"count":9,"href":"https:\/\/eventos.ifg.edu.br\/encontropsicologosifs\/wp-json\/wp\/v2\/pages\/18\/revisions"}],"predecessor-version":[{"id":148,"href":"https:\/\/eventos.ifg.edu.br\/encontropsicologosifs\/wp-json\/wp\/v2\/pages\/18\/revisions\/148"}],"wp:featuredmedia":[{"embeddable":true,"href":"https:\/\/eventos.ifg.edu.br\/encontropsicologosifs\/wp-json\/wp\/v2\/media\/127"}],"wp:attachment":[{"href":"https:\/\/eventos.ifg.edu.br\/encontropsicologosifs\/wp-json\/wp\/v2\/media?parent=18"}],"curies":[{"name":"wp","href":"https:\/\/api.w.org\/{rel}","templated":true}]}}

INSCRIÇÕES

<p><!--more--></p>
<p>O III Encontro Nacional de Psicólogos dos IFs ocorrerá no IFG- Câmpus Goiânia, na cidade de Goiânia &#8211; GO, nos dias 17, 18 e 19 de outubro de 2018.</p>
<p><strong>O período de inscrições será de 01/08/2018 a 12/10/2018 e o evento será totalmente gratuito.</strong></p>
<p><strong>Para realizar a sua inscrição,</strong> <a href="https://sugep.ifg.edu.br/eventos/#/publico/eventos/f85f57f3-4df5-4410-b438-c66373969f2a/inscricao"><strong>CLIQUE AQUI</strong></a>.</p>
<p>Após realizar sua inscrição pelo link acima, você receberá um email de confirmação contendo formulário para preenchimento com informações complementares.</p>
<p>Em caso de dúvidas quanto a sua inscrição ou caso queira entrar em contato com a Comissão Organizadora do Evento, envie e-mail para encontrodepsicologia@ifg.edu.br.</p>
<p>As informações referentes a localização, hospedagem e alimentação estão disponíveis nas abas do site.</p>
