{"id":144,"date":"2018-08-07T09:32:14","date_gmt":"2018-08-07T12:32:14","guid":{"rendered":"http:\/\/eventos.ifg.edu.br\/encontropsicologosifs\/?page_id=144"},"modified":"2018-08-20T11:30:11","modified_gmt":"2018-08-20T14:30:11","slug":"atividade-pos-evento","status":"publish","type":"page","link":"https:\/\/eventos.ifg.edu.br\/encontropsicologosifs\/atividade-pos-evento\/","title":{"rendered":"ATIVIDADE P\u00d3S-EVENTO"},"content":{"rendered":"<p>A comiss\u00e3o organizadora est\u00e1 planejando como\u00a0atividade de encerramento no dia 20\/10\/18 (s\u00e1bado), um dia de divers\u00e3o no Hot Park.<\/p>\n<p>O complexo de \u00e1guas termais fica na cidade de Caldas Novas &#8211; GO, situado a 160 km de Goi\u00e2nia. Considerado pelo TripAdvisor um dos melhores parques aqu\u00e1ticos do mundo, o maior da Am\u00e9rica do Sul e o \u00fanico com \u00e1guas quentes, o Hot Park\u00a0possui uma \u00e1rea de 55 mil m\u00b2 com diversas atra\u00e7\u00f5es tanto para quem quer se aventurar, quanto para quem pretende relaxar em meio \u00e0 natureza.<\/p>\n<p>Maiores informa\u00e7\u00f5es sobre o Hot Park no link:\u00a0\u00a0<a href=\"https:\/\/www.hotpark.com\/o-hot-park\">https:\/\/www.hotpark.com\/o-hot-park<\/a><\/p>\n<p>O transporte de ida e volta ser\u00e1 feito por empresa terceirizada e o valor dividido entre os interessados.<\/p>\n<p>O valor do ingresso \u00e9 aproximadamente R$ 100,00 (cem reais) por pessoa, podendo variar\u00a0a crit\u00e9rio da organiza\u00e7\u00e3o do parque. Caso tenha interesse, indique no formul\u00e1rio de inscri\u00e7\u00e3o ou envie email para comiss\u00e3o organizadora atrav\u00e9s do endere\u00e7o: encontrodepsicologia@ifg.edu.br<\/p>\n<p>&nbsp;<\/p>\n<hr \/>\n<p>A atividade tem como objetivo potencializar a troca de experi\u00eancias e a colabora\u00e7\u00e3o entre projetos, al\u00e9m de ser uma oportunidade para que os psic\u00f3logos construam relacionamentos e contribuam com seus pares, bem como com colegas de menor conv\u00edvio. N\u00e3o obstante, objetiva-se ainda a partir do estreitamento das rela\u00e7\u00f5es entre os psic\u00f3logos, aumentar a confian\u00e7a enquanto unidade de categoria, minimizando poss\u00edveis atritos e fortalecendo a comunica\u00e7\u00e3o e o trabalho colaborativo.<br \/>\nPara al\u00e9m dos benef\u00edcios das atividades p\u00f3s-evento j\u00e1 mencionados, s\u00e3o atribu\u00eddas \u00e0s \u00e1guas termais propriedades terap\u00eauticas de grande relev\u00e2ncia para a sa\u00fade. A cidade de Caldas Novas \u00e9, ainda, um importante polo tur\u00edstico, o que possibilita aos participantes maior conhecimento do patrim\u00f4nio cultural do estado de Goi\u00e1s.<\/p>\n<p>A atividade p\u00f3s-evento trata-se, portanto, de uma \u00f3tima estrat\u00e9gia motivacional, capaz de proporcionar bem-estar e contribuir para a promo\u00e7\u00e3o da sa\u00fade mental dos psic\u00f3logos dos Institutos Federais, oportunizando mais energia no dia-a-dia e entregas mais criativas e eficientes.<\/p>\n","protected":false},"excerpt":{"rendered":"<p>A comiss\u00e3o organizadora est\u00e1 planejando como\u00a0atividade de encerramento no dia 20\/10\/18 (s\u00e1bado), um dia de divers\u00e3o no Hot Park. O complexo de \u00e1guas termais fica na cidade de Caldas Novas &#8211; GO, situado a 160 km de Goi\u00e2nia. Considerado pelo TripAdvisor um dos melhores parques aqu\u00e1ticos do mundo, o maior da Am\u00e9rica do Sul e <a class=\"more-link\" href=\"https:\/\/eventos.ifg.edu.br\/encontropsicologosifs\/atividade-pos-evento\/\">&hellip; Continue lendo&hellip; &rarr;<\/a><\/p>\n","protected":false},"author":90,"featured_media":0,"parent":0,"menu_order":9,"comment_status":"closed","ping_status":"closed","template":"","meta":{"ngg_post_thumbnail":0,"footnotes":""},"class_list":["post-144","page","type-page","status-publish","hentry"],"_links":{"self":[{"href":"https:\/\/eventos.ifg.edu.br\/encontropsicologosifs\/wp-json\/wp\/v2\/pages\/144"}],"collection":[{"href":"https:\/\/eventos.ifg.edu.br\/encontropsicologosifs\/wp-json\/wp\/v2\/pages"}],"about":[{"href":"https:\/\/eventos.ifg.edu.br\/encontropsicologosifs\/wp-json\/wp\/v2\/types\/page"}],"author":[{"embeddable":true,"href":"https:\/\/eventos.ifg.edu.br\/encontropsicologosifs\/wp-json\/wp\/v2\/users\/90"}],"replies":[{"embeddable":true,"href":"https:\/\/eventos.ifg.edu.br\/encontropsicologosifs\/wp-json\/wp\/v2\/comments?post=144"}],"version-history":[{"count":5,"href":"https:\/\/eventos.ifg.edu.br\/encontropsicologosifs\/wp-json\/wp\/v2\/pages\/144\/revisions"}],"predecessor-version":[{"id":171,"href":"https:\/\/eventos.ifg.edu.br\/encontropsicologosifs\/wp-json\/wp\/v2\/pages\/144\/revisions\/171"}],"wp:attachment":[{"href":"https:\/\/eventos.ifg.edu.br\/encontropsicologosifs\/wp-json\/wp\/v2\/media?parent=144"}],"curies":[{"name":"wp","href":"https:\/\/api.w.org\/{rel}","templated":true}]}}

ATIVIDADE PÓS-EVENTO

<p>A comissão organizadora está planejando como atividade de encerramento no dia 20/10/18 (sábado), um dia de diversão no Hot Park.</p>
<p>O complexo de águas termais fica na cidade de Caldas Novas &#8211; GO, situado a 160 km de Goiânia. Considerado pelo TripAdvisor um dos melhores parques aquáticos do mundo, o maior da América do Sul e o único com águas quentes, o Hot Park possui uma área de 55 mil m² com diversas atrações tanto para quem quer se aventurar, quanto para quem pretende relaxar em meio à natureza.</p>
<p>Maiores informações sobre o Hot Park no link:  <a href="https://www.hotpark.com/o-hot-park">https://www.hotpark.com/o-hot-park</a></p>
<p>O transporte de ida e volta será feito por empresa terceirizada e o valor dividido entre os interessados.</p>
<p>O valor do ingresso é aproximadamente R$ 100,00 (cem reais) por pessoa, podendo variar a critério da organização do parque. Caso tenha interesse, indique no formulário de inscrição ou envie email para comissão organizadora através do endereço: encontrodepsicologia@ifg.edu.br</p>
<p>&nbsp;</p>
<hr />
<p>A atividade tem como objetivo potencializar a troca de experiências e a colaboração entre projetos, além de ser uma oportunidade para que os psicólogos construam relacionamentos e contribuam com seus pares, bem como com colegas de menor convívio. Não obstante, objetiva-se ainda a partir do estreitamento das relações entre os psicólogos, aumentar a confiança enquanto unidade de categoria, minimizando possíveis atritos e fortalecendo a comunicação e o trabalho colaborativo.<br />
Para além dos benefícios das atividades pós-evento já mencionados, são atribuídas às águas termais propriedades terapêuticas de grande relevância para a saúde. A cidade de Caldas Novas é, ainda, um importante polo turístico, o que possibilita aos participantes maior conhecimento do patrimônio cultural do estado de Goiás.</p>
<p>A atividade pós-evento trata-se, portanto, de uma ótima estratégia motivacional, capaz de proporcionar bem-estar e contribuir para a promoção da saúde mental dos psicólogos dos Institutos Federais, oportunizando mais energia no dia-a-dia e entregas mais criativas e eficientes.</p>

<p>A comissão organizadora está planejando como atividade de encerramento no dia 20/10/18 (sábado), um dia de diversão no Hot Park. O complexo de águas termais fica na cidade de Caldas Novas &#8211; GO, situado a 160 km de Goiânia. Considerado pelo TripAdvisor um dos melhores parques aquáticos do mundo, o maior da América do Sul e <a class="more-link" href="https://eventos.ifg.edu.br/encontropsicologosifs/atividade-pos-evento/">&hellip; Continue lendo&hellip; &rarr;</a></p>
