{"id":14,"date":"2018-07-20T16:32:33","date_gmt":"2018-07-20T19:32:33","guid":{"rendered":"http:\/\/eventos.ifg.edu.br\/encontropsicologosifs\/?page_id=14"},"modified":"2018-09-14T14:29:50","modified_gmt":"2018-09-14T17:29:50","slug":"normas","status":"publish","type":"page","link":"https:\/\/eventos.ifg.edu.br\/encontropsicologosifs\/submissao-de-trabalhos\/normas\/","title":{"rendered":"Normas para submiss\u00e3o de trabalhos"},"content":{"rendered":"<ol>\n<li><strong>INFORMA\u00c7\u00d5ES IMPORTANTES<\/strong><\/li>\n<\/ol>\n<ul>\n<li><strong>ATEN\u00c7\u00c3O:<\/strong>Prazo final para submiss\u00e3o de trabalhos:&nbsp;<strong>&nbsp;12\/09\/2018<\/strong><\/li>\n<li>Os trabalhos dever\u00e3o ser submetidos para avalia\u00e7\u00e3o atrav\u00e9s do email:&nbsp;<strong>encontrodepsicologia@ifg.edu.br.<\/strong><\/li>\n<\/ul>\n<ul>\n<li>Todo participante do III Encontro Nacional dos Psic\u00f3logos dos IFs poder\u00e1 submeter trabalhos.<\/li>\n<li>Para submeter o seu trabalho, fa\u00e7a antes a sua inscri\u00e7\u00e3o.<\/li>\n<\/ul>\n<p><strong>Preencha com um endere\u00e7o de e-mail v\u00e1lido, pois toda a comunica\u00e7\u00e3o referente ao trabalho ser\u00e1 realizada por meio deste e-mail.<\/strong><\/p>\n<ul>\n<li>Antes de submeter qualquer proposta de atividade, certifique-se que ela possui as seguintes informa\u00e7\u00f5es completas:&nbsp;<strong>t\u00edtulo da atividade, tr\u00eas a cinco palavras-chave, nome(s) completo(s) do(s) &nbsp;autor(es) e respectiva(s) &nbsp;filia\u00e7\u00e3o(\u00f5es) institucional(nais).<\/strong><\/li>\n<li>Cada resumo de trabalho ser\u00e1 avaliado pela Comiss\u00e3o Cient\u00edfica.<\/li>\n<li>N\u00e3o ser\u00e1 permitida a altera\u00e7\u00e3o do conte\u00fado do trabalho ap\u00f3s seu envio.<\/li>\n<li>A divulga\u00e7\u00e3o dos trabalhos aprovados ser\u00e1 feita at\u00e9 o dia:&nbsp;<strong>28\/09\/2018<\/strong><\/li>\n<\/ul>\n<p><strong>&nbsp;<\/strong><\/p>\n<p><strong>ATEN\u00c7\u00c3O<\/strong><\/p>\n<p>Todos os trabalhos dever\u00e3o ser submetidos por meio do email do evento &#8211; <strong>encontrodepsicologia@ifg.edu.br<\/strong>.<br \/>\nCada participante poder\u00e1 inscrever at\u00e9 3 (tr\u00eas) resumos de trabalhos na condi\u00e7\u00e3o de autor principal; e no m\u00e1ximo 6 (seis) resumos de trabalhos ao todo (como autor principal e coautor).<\/p>\n<p>Os autores dever\u00e3o encaminhar para o email 2 (dois) arquivos, sendo 1 contendo o nome dos autores e 1 sem o nome dos autores, filia\u00e7\u00e3o ou quaisquer outras informa\u00e7\u00f5es que os identifique.&nbsp;Os resumos devem ser encaminhados para o site em arquivo PDF.<\/p>\n<p>No ato da inscri\u00e7\u00e3o o autor dever\u00e1 indicar a \u00c1REA TEM\u00c1TICA em que o trabalho se insere (verificar no site na aba \u00c1reas Tem\u00e1ticas).<\/p>\n<p>&nbsp;<\/p>\n<p><strong>2. MODALIDADES PARA INSCRI\u00c7\u00c3O DO TRABALHO<\/strong><\/p>\n<p><strong>2.1&nbsp;<\/strong><strong>Comunica\u00e7\u00e3o breve de pesquisa<\/strong><strong>&#8211; CC<\/strong><\/p>\n<p>O objetivo desta atividade \u00e9 o de relatar oralmente pesquisas ou interven\u00e7\u00f5es acad\u00eamico-cient\u00edficas j\u00e1 conclu\u00eddas ou em andamento, que estejam em um dos eixos tem\u00e1ticos&nbsp;do III Encontro Nacional dos Psic\u00f3logos dos IFs.<\/p>\n<p>Para compor uma sess\u00e3o de apresenta\u00e7\u00e3o oral ser\u00e3o escolhidos pela Comiss\u00e3o Cient\u00edfica 4 ou 5 resumos de pesquisas. Estes devem possibilitar a interlocu\u00e7\u00e3o entre os pesquisadores e destes com a audi\u00eancia.<\/p>\n<p>Cada expositor ter\u00e1 at\u00e9 15 minutos para a sua apresenta\u00e7\u00e3o. A atividade dever\u00e1 durar no m\u00e1ximo duas horas, incluindo o tempo de exposi\u00e7\u00e3o e interven\u00e7\u00e3o da audi\u00eancia.<\/p>\n<p>A Comiss\u00e3o Cient\u00edfica do Congresso indicar\u00e1 um coordenador para cada uma das sess\u00f5es.<\/p>\n<p>O primeiro autor da atividade dever\u00e1 indicar o n\u00famero de autores para seu trabalho (m\u00e1ximo 05 coautores \u2013 devendo o primeiro autor ser respons\u00e1vel pela apresenta\u00e7\u00e3o do trabalho).<\/p>\n<p>Os resumos dever\u00e3o ter entre 200 e 250 palavras e conter: objetivos, m\u00e9todo, resultados, discuss\u00e3o.<\/p>\n<p>Para a atividade oral, traga seus slides em pendrive com formato compat\u00edvel com windows.<\/p>\n<p><strong>&nbsp;<\/strong><\/p>\n<p><strong>Os resumos devem contemplar os seguintes itens:<\/strong><\/p>\n<p><strong>A)<\/strong>.O t\u00edtulo deve ter no m\u00e1ximo 12 palavras e o resumo entre 200 e 250 palavras, formato PDF, fonte Times New Roman, tamanho 12, espa\u00e7amento simples entre linhas, contendo: introdu\u00e7\u00e3o (incluir aspectos da literatura que ressaltem a relev\u00e2ncia cient\u00edfica do estudo, definir conceitos principais, descrever os objetivos de forma clara), m\u00e9todo (descrever participantes, ambiente, instrumentos\/materiais e procedimentos utilizados na coleta dos dados), resultados (descrever a s\u00edntese do que foi obtido com o estudo) e discuss\u00e3o. O resumo n\u00e3o poder\u00e1 conter tabelas, figuras, imagens, caracteres especiais, notas de rodap\u00e9, cita\u00e7\u00f5es, refer\u00eancias ou os t\u00edtulos das partes (introdu\u00e7\u00e3o, objetivos etc).<\/p>\n<ol>\n<li><strong>B)&nbsp;<\/strong>Palavras-chave: de tr\u00eas a cinco, em letras min\u00fasculas, separadas por ponto e v\u00edrgula.<\/li>\n<li><strong>C)&nbsp;<\/strong>Quando houver, especificar fonte de financiamento ou ag\u00eancia financiadora para a realiza\u00e7\u00e3o do estudo.<\/li>\n<\/ol>\n<p><strong>2.2.&nbsp; Relato de Experi\u00eancia &#8211; RE<\/strong><br \/>\nO objetivo desta atividade \u00e9 o de possibilitar a discuss\u00e3o de experi\u00eancias pr\u00e1ticas de atua\u00e7\u00e3o na \u00e1rea de abrang\u00eancia do Institutos Federais de Educa\u00e7\u00e3o.<\/p>\n<p>Um coordenador, indicado pela Comiss\u00e3o Cient\u00edfica, organizar\u00e1 a sess\u00e3o de exposi\u00e7\u00e3o de 4 ou 5 trabalhos, bem como o debate e a participa\u00e7\u00e3o da audi\u00eancia.<\/p>\n<p>Cada expositor ter\u00e1 at\u00e9 15 minutos para apresentar o seu caso. A dura\u00e7\u00e3o das sess\u00f5es ser\u00e1 de duas horas, j\u00e1 computadas a discuss\u00e3o e a participa\u00e7\u00e3o da audi\u00eancia.<\/p>\n<p>O primeiro autor da atividade dever\u00e1 indicar o n\u00famero de autores para seu trabalho (m\u00e1ximo 05 coautores \u2013 devendo o primeiro autor ser respons\u00e1vel pela apresenta\u00e7\u00e3o do trabalho).<\/p>\n<p>Para a atividade oral, traga seus slides em pendrive com formato compat\u00edvel com windows.<\/p>\n<p><strong>&nbsp;<\/strong><\/p>\n<p><strong>Os resumos devem contemplar os seguintes itens:<\/strong><\/p>\n<p>A<strong>)&nbsp;<\/strong>O t\u00edtulo deve ter no m\u00e1ximo 12 palavras em letras mai\u00fasculas, em alinhamento centralizado, contendo no m\u00e1ximo 12 palavras; e o resumo entre 200 &#8211; 250 palavras, &nbsp;<strong>B)<\/strong>&nbsp;Contextualiza\u00e7\u00e3o da Experi\u00eancia \u2013 onde (local e cen\u00e1rio), quando e porque ocorreu, relev\u00e2ncia;<strong>&nbsp;C)&nbsp;<\/strong>Alvo da experi\u00eancia \u2013 a quem se destinou ou com quem foi realizada (pessoas, institui\u00e7\u00f5es);&nbsp;<strong>D) <\/strong>Objetivo(s) \u2013 o que visava, o que pretendia;&nbsp;<strong>E)<\/strong>&nbsp;Como foi realizada e t\u00e9cnicas empregadas;&nbsp;<strong>F) <\/strong>Resultados alcan\u00e7ados;&nbsp;<strong>G)<\/strong>&nbsp;Conclus\u00f5es e Recomenda\u00e7\u00f5es para outras experi\u00eancias. Tamb\u00e9m ser\u00e3o requeridos os itens abaixo: a) Palavras-chave: de tr\u00eas a cinco, em letras min\u00fasculas, separadas por ponto e v\u00edrgula. b) Financiamento: quando houver, especificar fonte de financiamento ou ag\u00eancia financiadora para a realiza\u00e7\u00e3o da experi\u00eancia. c) Endere\u00e7o eletr\u00f4nico do autor principal.<\/p>\n","protected":false},"excerpt":{"rendered":"<p>INFORMA\u00c7\u00d5ES IMPORTANTES ATEN\u00c7\u00c3O:Prazo final para submiss\u00e3o de trabalhos:&nbsp;&nbsp;12\/09\/2018 Os trabalhos dever\u00e3o ser submetidos para avalia\u00e7\u00e3o atrav\u00e9s do email:&nbsp;encontrodepsicologia@ifg.edu.br. Todo participante do III Encontro Nacional dos Psic\u00f3logos dos IFs poder\u00e1 submeter trabalhos. Para submeter o seu trabalho, fa\u00e7a antes a sua inscri\u00e7\u00e3o. Preencha com um endere\u00e7o de e-mail v\u00e1lido, pois toda a comunica\u00e7\u00e3o referente ao trabalho <a class=\"more-link\" href=\"https:\/\/eventos.ifg.edu.br\/encontropsicologosifs\/submissao-de-trabalhos\/normas\/\">&hellip; Continue lendo&hellip; &rarr;<\/a><\/p>\n","protected":false},"author":89,"featured_media":0,"parent":12,"menu_order":0,"comment_status":"closed","ping_status":"closed","template":"","meta":{"ngg_post_thumbnail":0,"footnotes":""},"class_list":["post-14","page","type-page","status-publish","hentry"],"_links":{"self":[{"href":"https:\/\/eventos.ifg.edu.br\/encontropsicologosifs\/wp-json\/wp\/v2\/pages\/14"}],"collection":[{"href":"https:\/\/eventos.ifg.edu.br\/encontropsicologosifs\/wp-json\/wp\/v2\/pages"}],"about":[{"href":"https:\/\/eventos.ifg.edu.br\/encontropsicologosifs\/wp-json\/wp\/v2\/types\/page"}],"author":[{"embeddable":true,"href":"https:\/\/eventos.ifg.edu.br\/encontropsicologosifs\/wp-json\/wp\/v2\/users\/89"}],"replies":[{"embeddable":true,"href":"https:\/\/eventos.ifg.edu.br\/encontropsicologosifs\/wp-json\/wp\/v2\/comments?post=14"}],"version-history":[{"count":11,"href":"https:\/\/eventos.ifg.edu.br\/encontropsicologosifs\/wp-json\/wp\/v2\/pages\/14\/revisions"}],"predecessor-version":[{"id":185,"href":"https:\/\/eventos.ifg.edu.br\/encontropsicologosifs\/wp-json\/wp\/v2\/pages\/14\/revisions\/185"}],"up":[{"embeddable":true,"href":"https:\/\/eventos.ifg.edu.br\/encontropsicologosifs\/wp-json\/wp\/v2\/pages\/12"}],"wp:attachment":[{"href":"https:\/\/eventos.ifg.edu.br\/encontropsicologosifs\/wp-json\/wp\/v2\/media?parent=14"}],"curies":[{"name":"wp","href":"https:\/\/api.w.org\/{rel}","templated":true}]}}

Normas para submissão de trabalhos

<ol>
<li><strong>INFORMAÇÕES IMPORTANTES</strong></li>
</ol>
<ul>
<li><strong>ATENÇÃO:</strong>Prazo final para submissão de trabalhos:&nbsp;<strong>&nbsp;12/09/2018</strong></li>
<li>Os trabalhos deverão ser submetidos para avaliação através do email:&nbsp;<strong>encontrodepsicologia@ifg.edu.br.</strong></li>
</ul>
<ul>
<li>Todo participante do III Encontro Nacional dos Psicólogos dos IFs poderá submeter trabalhos.</li>
<li>Para submeter o seu trabalho, faça antes a sua inscrição.</li>
</ul>
<p><strong>Preencha com um endereço de e-mail válido, pois toda a comunicação referente ao trabalho será realizada por meio deste e-mail.</strong></p>
<ul>
<li>Antes de submeter qualquer proposta de atividade, certifique-se que ela possui as seguintes informações completas:&nbsp;<strong>título da atividade, três a cinco palavras-chave, nome(s) completo(s) do(s) &nbsp;autor(es) e respectiva(s) &nbsp;filiação(ões) institucional(nais).</strong></li>
<li>Cada resumo de trabalho será avaliado pela Comissão Científica.</li>
<li>Não será permitida a alteração do conteúdo do trabalho após seu envio.</li>
<li>A divulgação dos trabalhos aprovados será feita até o dia:&nbsp;<strong>28/09/2018</strong></li>
</ul>
<p><strong>&nbsp;</strong></p>
<p><strong>ATENÇÃO</strong></p>
<p>Todos os trabalhos deverão ser submetidos por meio do email do evento &#8211; <strong>encontrodepsicologia@ifg.edu.br</strong>.<br />
Cada participante poderá inscrever até 3 (três) resumos de trabalhos na condição de autor principal; e no máximo 6 (seis) resumos de trabalhos ao todo (como autor principal e coautor).</p>
<p>Os autores deverão encaminhar para o email 2 (dois) arquivos, sendo 1 contendo o nome dos autores e 1 sem o nome dos autores, filiação ou quaisquer outras informações que os identifique.&nbsp;Os resumos devem ser encaminhados para o site em arquivo PDF.</p>
<p>No ato da inscrição o autor deverá indicar a ÁREA TEMÁTICA em que o trabalho se insere (verificar no site na aba Áreas Temáticas).</p>
<p>&nbsp;</p>
<p><strong>2. MODALIDADES PARA INSCRIÇÃO DO TRABALHO</strong></p>
<p><strong>2.1&nbsp;</strong><strong>Comunicação breve de pesquisa</strong><strong>&#8211; CC</strong></p>
<p>O objetivo desta atividade é o de relatar oralmente pesquisas ou intervenções acadêmico-científicas já concluídas ou em andamento, que estejam em um dos eixos temáticos&nbsp;do III Encontro Nacional dos Psicólogos dos IFs.</p>
<p>Para compor uma sessão de apresentação oral serão escolhidos pela Comissão Científica 4 ou 5 resumos de pesquisas. Estes devem possibilitar a interlocução entre os pesquisadores e destes com a audiência.</p>
<p>Cada expositor terá até 15 minutos para a sua apresentação. A atividade deverá durar no máximo duas horas, incluindo o tempo de exposição e intervenção da audiência.</p>
<p>A Comissão Científica do Congresso indicará um coordenador para cada uma das sessões.</p>
<p>O primeiro autor da atividade deverá indicar o número de autores para seu trabalho (máximo 05 coautores – devendo o primeiro autor ser responsável pela apresentação do trabalho).</p>
<p>Os resumos deverão ter entre 200 e 250 palavras e conter: objetivos, método, resultados, discussão.</p>
<p>Para a atividade oral, traga seus slides em pendrive com formato compatível com windows.</p>
<p><strong>&nbsp;</strong></p>
<p><strong>Os resumos devem contemplar os seguintes itens:</strong></p>
<p><strong>A)</strong>.O título deve ter no máximo 12 palavras e o resumo entre 200 e 250 palavras, formato PDF, fonte Times New Roman, tamanho 12, espaçamento simples entre linhas, contendo: introdução (incluir aspectos da literatura que ressaltem a relevância científica do estudo, definir conceitos principais, descrever os objetivos de forma clara), método (descrever participantes, ambiente, instrumentos/materiais e procedimentos utilizados na coleta dos dados), resultados (descrever a síntese do que foi obtido com o estudo) e discussão. O resumo não poderá conter tabelas, figuras, imagens, caracteres especiais, notas de rodapé, citações, referências ou os títulos das partes (introdução, objetivos etc).</p>
<ol>
<li><strong>B)&nbsp;</strong>Palavras-chave: de três a cinco, em letras minúsculas, separadas por ponto e vírgula.</li>
<li><strong>C)&nbsp;</strong>Quando houver, especificar fonte de financiamento ou agência financiadora para a realização do estudo.</li>
</ol>
<p><strong>2.2.&nbsp; Relato de Experiência &#8211; RE</strong><br />
O objetivo desta atividade é o de possibilitar a discussão de experiências práticas de atuação na área de abrangência do Institutos Federais de Educação.</p>
<p>Um coordenador, indicado pela Comissão Científica, organizará a sessão de exposição de 4 ou 5 trabalhos, bem como o debate e a participação da audiência.</p>
<p>Cada expositor terá até 15 minutos para apresentar o seu caso. A duração das sessões será de duas horas, já computadas a discussão e a participação da audiência.</p>
<p>O primeiro autor da atividade deverá indicar o número de autores para seu trabalho (máximo 05 coautores – devendo o primeiro autor ser responsável pela apresentação do trabalho).</p>
<p>Para a atividade oral, traga seus slides em pendrive com formato compatível com windows.</p>
<p><strong>&nbsp;</strong></p>
<p><strong>Os resumos devem contemplar os seguintes itens:</strong></p>
<p>A<strong>)&nbsp;</strong>O título deve ter no máximo 12 palavras em letras maiúsculas, em alinhamento centralizado, contendo no máximo 12 palavras; e o resumo entre 200 &#8211; 250 palavras, &nbsp;<strong>B)</strong>&nbsp;Contextualização da Experiência – onde (local e cenário), quando e porque ocorreu, relevância;<strong>&nbsp;C)&nbsp;</strong>Alvo da experiência – a quem se destinou ou com quem foi realizada (pessoas, instituições);&nbsp;<strong>D) </strong>Objetivo(s) – o que visava, o que pretendia;&nbsp;<strong>E)</strong>&nbsp;Como foi realizada e técnicas empregadas;&nbsp;<strong>F) </strong>Resultados alcançados;&nbsp;<strong>G)</strong>&nbsp;Conclusões e Recomendações para outras experiências. Também serão requeridos os itens abaixo: a) Palavras-chave: de três a cinco, em letras minúsculas, separadas por ponto e vírgula. b) Financiamento: quando houver, especificar fonte de financiamento ou agência financiadora para a realização da experiência. c) Endereço eletrônico do autor principal.</p>

<p>INFORMAÇÕES IMPORTANTES ATENÇÃO:Prazo final para submissão de trabalhos:&nbsp;&nbsp;12/09/2018 Os trabalhos deverão ser submetidos para avaliação através do email:&nbsp;encontrodepsicologia@ifg.edu.br. Todo participante do III Encontro Nacional dos Psicólogos dos IFs poderá submeter trabalhos. Para submeter o seu trabalho, faça antes a sua inscrição. Preencha com um endereço de e-mail válido, pois toda a comunicação referente ao trabalho <a class="more-link" href="https://eventos.ifg.edu.br/encontropsicologosifs/submissao-de-trabalhos/normas/">&hellip; Continue lendo&hellip; &rarr;</a></p>
