{"id":43,"date":"2016-06-29T05:57:17","date_gmt":"2016-06-29T08:57:17","guid":{"rendered":"http:\/\/eventos.ifg.edu.br\/diainfo2016\/?page_id=43"},"modified":"2016-08-14T01:48:17","modified_gmt":"2016-08-14T04:48:17","slug":"noticias","status":"publish","type":"page","link":"https:\/\/eventos.ifg.edu.br\/diainfo2016\/noticias\/","title":{"rendered":"Not\u00edcias"},"content":{"rendered":"<p>Aproveitem o \u00faltimo dia de inscri\u00e7\u00e3o!<br \/>\nAs inscri\u00e7\u00f5es se encerram neste domingo (14 de agosto).<br \/>\nChame seus amigos e venha participar.<\/p>\n<p><img fetchpriority=\"high\" decoding=\"async\" class=\"size-full wp-image-206 aligncenter\" src=\"http:\/\/eventos.ifg.edu.br\/diainfo2016\/wp-content\/uploads\/sites\/5\/2016\/08\/14_08_2016_01_47_09.jpg\" alt=\"14_08_2016_01_47_09\" width=\"449\" height=\"449\" \/><\/p>\n<hr \/>\n<p>Dia da Inform\u00e1tica 2016 do IFG c\u00e2mpus Luzi\u00e2nia, registra mais de 400 participantes em suas inscri\u00e7\u00f5es. Agrade\u00e7o a todos aqueles que de alguma forma contribu\u00edram para a realiza\u00e7\u00e3o deste evento.<\/p>\n<p><img decoding=\"async\" class=\"size-full wp-image-201 aligncenter\" src=\"http:\/\/eventos.ifg.edu.br\/diainfo2016\/wp-content\/uploads\/sites\/5\/2016\/06\/14_08_2016_01_46_23.jpg\" alt=\"14_08_2016_01_46_23\" width=\"449\" height=\"449\" \/><\/p>\n<hr \/>\n<p>Mais de 300 participantes j\u00e1 se inscreveram no evento Dia da Inform\u00e1tica do c\u00e2mpus Luzi\u00e2nia. Chame seus amigos e venha participar.<\/p>\n<p><img decoding=\"async\" class=\"size-full wp-image-197 aligncenter\" src=\"http:\/\/eventos.ifg.edu.br\/diainfo2016\/wp-content\/uploads\/sites\/5\/2016\/06\/12_08_2016_19_23_37.jpg\" alt=\"12_08_2016_19_23_37\" width=\"449\" height=\"449\" \/><\/p>\n<hr \/>\n<p><strong>Sess\u00e3o Tem\u00e1tica P\u00f4ster do Dia da Inform\u00e1tica 2016<\/strong><\/p>\n<p>Orienta\u00e7\u00f5es Gerais:<\/p>\n<ul>\n<li>A dura\u00e7\u00e3o de apresenta\u00e7\u00e3o do p\u00f4ster \u00e9 de 1 hora;<\/li>\n<li>Os autores devem se apresentar no local designado para a apresenta\u00e7\u00e3o com anteced\u00eancia m\u00ednima de 30 minutos;<\/li>\n<li>Ser\u00e1 obrigat\u00f3ria a presen\u00e7a de um dos autores no hor\u00e1rio de apresenta\u00e7\u00e3o do p\u00f4ster;<\/li>\n<li>Cabe aos apresentadores providenciarem o p\u00f4ster em material adequado (lona , pvc ou similar) com corda para ser afixado;<\/li>\n<\/ul>\n<p><img loading=\"lazy\" decoding=\"async\" class=\"wp-image-189 aligncenter\" src=\"http:\/\/eventos.ifg.edu.br\/diainfo2016\/wp-content\/uploads\/sites\/5\/2016\/08\/poster.png\" alt=\"poster\" width=\"156\" height=\"156\" \/><\/p>\n<hr \/>\n<p><strong>Parceria com a Wizard para o Dia da Inform\u00e1tica<\/strong><\/p>\n<div class=\"\">\n<div class=\"_1mf _1mj\">Confirmados sorteios de:<\/div>\n<\/div>\n<div class=\"\">\n<div class=\"_1mf _1mj\">\u2013 01 bolsa integral para iniciante no curso de Ingl\u00eas \u2013 exceto \u201cmaterial e taxa de matr\u00edcula\u201d;<\/div>\n<\/div>\n<div class=\"\">\n<div class=\"_1mf _1mj\">\u2013 03 bolsas 50% para iniciantes no curso de Ingl\u00eas- exceto \u201cmaterial e taxa de matr\u00edcula\u201d.<\/div>\n<\/div>\n<div class=\"\">\n<div class=\"_1mf _1mj\">Os funcion\u00e1rios da Wizard estar\u00e3o com estande dentro das depend\u00eancias do IFG, para prestar maiores explica\u00e7\u00f5es.<\/div>\n<\/div>\n<div class=\"\">\n<div class=\"_1mf _1mj\">As inscri\u00e7\u00f5es devem ser realizadas em:<\/div>\n<div class=\"_1mf _1mj\">http:\/\/eventos.ifg.edu.br\/diainfo2016\/inscricao\/<\/div>\n<\/div>\n<div class=\"\">\n<div class=\"_1mf _1mj\">O evento \u00e9 aberto ao p\u00fablico.<\/div>\n<\/div>\n<div class=\"\">\n<div class=\"_1mf _1mj\">Avise seus amigos e participe.<\/div>\n<\/div>\n<div class=\"_1mf _1mj\"><\/div>\n<div class=\"_1mf _1mj\">\n<hr \/>\n<\/div>\n<p><strong>Sorteio de camisas no Dia da Inform\u00e1tica do IFG c\u00e2mpus Luzi\u00e2nia<\/strong><\/p>\n<p>No pr\u00f3ximo dia 15 de agosto, o IFG campus Luzi\u00e2nia realiza o evento Dia da Inform\u00e1tica, que ser\u00e1 aberto ao p\u00fablico externo e contar\u00e1 com a participa\u00e7\u00e3o de convidados palestrantes do IFB, UFG e Profissionais de Empresas da \u00c1rea de Inform\u00e1tica. Ser\u00e3o apresentadas palestras sobre temas, tais como: Introdu\u00e7\u00e3o a Software Livre, Como se Comportar em Entrevista de Empregos, Internet das Coisas (IoT) e Seguran\u00e7a da Info<span class=\"text_exposed_show\">rma\u00e7\u00e3o em Sistemas Brasileiros. Contar\u00e1 tamb\u00e9m com oficinas promovidas por alunos do Curso T\u00e9cnico em Inform\u00e1tica para Internet sobre temas, tais como: Algoritmos, HTML, Competi\u00e7\u00e3o de Jogos, Manuten\u00e7\u00e3o Preventiva de Computadores e Joomla.Tamb\u00e9m ser\u00e3o realizados sorteios de brindes e camisas ao final de cada atividade do evento. As inscri\u00e7\u00f5es dever\u00e3o ser feitas antecipadas no pr\u00f3prio site do evento:<a href=\"http:\/\/eventos.ifg.edu.br\/diainfo2016\/inscricao\/\" target=\"_blank\" rel=\"nofollow\">http:\/\/eventos.ifg.edu.br\/diainfo2016\/inscricao\/<\/a><br \/>\nAvise seus amigos e participe.<\/span><\/p>\n<hr \/>\n<p>Programa\u00e7\u00e3o Finalizada.<\/p>\n<p><img loading=\"lazy\" decoding=\"async\" class=\"size-full wp-image-166 aligncenter\" src=\"http:\/\/eventos.ifg.edu.br\/diainfo2016\/wp-content\/uploads\/sites\/5\/2016\/06\/Programa\u00e7\u00e3o_Final_DIAINFO2016.jpg\" alt=\"Programa\u00e7\u00e3o_Final_DIAINFO2016\" width=\"532\" height=\"710\" \/><\/p>\n<hr \/>\n<p>Est\u00e3o abertas as Inscri\u00e7\u00f5es para o Dia da Inform\u00e1tica 2016.<\/p>\n<p><a href=\"http:\/\/sugep.ifg.edu.br\/eventos\/administracao\/inscricoes.html?q12we34rt56yu78io90p=M\/cVOq7clAY=#\">http:\/\/sugep.ifg.edu.br\/eventos\/administracao\/inscricoes.html?q12we34rt56yu78io90p=M\/cVOq7clAY=#<\/a><\/p>\n<hr \/>\n<p>Palestrantes\u00a0confirmados no Dia da Inform\u00e1tica 2016.<\/p>\n<p><img loading=\"lazy\" decoding=\"async\" class=\" wp-image-152 aligncenter\" src=\"http:\/\/eventos.ifg.edu.br\/diainfo2016\/wp-content\/uploads\/sites\/5\/2016\/06\/31_07_2016_16_48_09.jpg\" alt=\"31_07_2016_16_48_09\" width=\"596\" height=\"358\" \/><\/p>\n<hr \/>\n<p>Palestrante <strong>Ole Peter Smith<\/strong>\u00a0confirma presen\u00e7a no Dia da Inform\u00e1tica 2016, com a palestra\u00a0<strong>Geometria Diferencial e Computacional com Ferramentas Livres.<\/strong><\/p>\n<p><img loading=\"lazy\" decoding=\"async\" class=\" wp-image-141 aligncenter\" src=\"http:\/\/eventos.ifg.edu.br\/diainfo2016\/wp-content\/uploads\/sites\/5\/2016\/06\/28_07_2016_23_33_09.jpg\" alt=\"28_07_2016_23_33_09\" width=\"575\" height=\"319\" \/><\/p>\n<hr \/>\n<p>Palestrante <strong>Igor Rincon<\/strong> confirma presen\u00e7a no Dia da Inform\u00e1tica 2016, com a palestra <strong>Explorando sistemas brasileiros<\/strong>.<\/p>\n<p><img loading=\"lazy\" decoding=\"async\" class=\" wp-image-127 aligncenter\" src=\"http:\/\/eventos.ifg.edu.br\/diainfo2016\/wp-content\/uploads\/sites\/5\/2016\/06\/10_07_2016_23_55_46.jpg\" alt=\"10_07_2016_23_55_46\" width=\"582\" height=\"323\" \/><\/p>\n<hr \/>\n<p>Apoio da\u00a0MYCROSAN, empresa\u00a0de tecnologia com solu\u00e7\u00f5es no ambiente web.<br \/>\n<img loading=\"lazy\" decoding=\"async\" class=\"wp-image-87 aligncenter\" src=\"http:\/\/eventos.ifg.edu.br\/diainfo2016\/wp-content\/uploads\/sites\/5\/2016\/06\/Logo_apoio.jpg\" alt=\"Logo_apoio\" width=\"495\" height=\"133\" \/><\/p>\n<hr \/>\n<p>Apoio do\u00a0Restaurante do Leandro.<\/p>\n<p><img loading=\"lazy\" decoding=\"async\" class=\"alignnone size-full wp-image-117\" src=\"http:\/\/eventos.ifg.edu.br\/diainfo2016\/wp-content\/uploads\/sites\/5\/2016\/06\/Restaurante-do-Leandro-01.jpg\" alt=\"Restaurante do Leandro 01\" width=\"1588\" height=\"316\" \/><\/p>\n","protected":false},"excerpt":{"rendered":"<p>Aproveitem o \u00faltimo dia de inscri\u00e7\u00e3o! As inscri\u00e7\u00f5es se encerram neste domingo (14 de agosto). Chame seus amigos e venha participar. Dia da Inform\u00e1tica 2016 do IFG c\u00e2mpus Luzi\u00e2nia, registra mais de 400 participantes em suas inscri\u00e7\u00f5es. Agrade\u00e7o a todos aqueles que de alguma forma contribu\u00edram para a realiza\u00e7\u00e3o deste evento. Mais de 300 participantes [&hellip;]<\/p>\n","protected":false},"author":13,"featured_media":0,"parent":0,"menu_order":0,"comment_status":"closed","ping_status":"closed","template":"","meta":{"ngg_post_thumbnail":0,"footnotes":""},"class_list":["post-43","page","type-page","status-publish","hentry"],"_links":{"self":[{"href":"https:\/\/eventos.ifg.edu.br\/diainfo2016\/wp-json\/wp\/v2\/pages\/43"}],"collection":[{"href":"https:\/\/eventos.ifg.edu.br\/diainfo2016\/wp-json\/wp\/v2\/pages"}],"about":[{"href":"https:\/\/eventos.ifg.edu.br\/diainfo2016\/wp-json\/wp\/v2\/types\/page"}],"author":[{"embeddable":true,"href":"https:\/\/eventos.ifg.edu.br\/diainfo2016\/wp-json\/wp\/v2\/users\/13"}],"replies":[{"embeddable":true,"href":"https:\/\/eventos.ifg.edu.br\/diainfo2016\/wp-json\/wp\/v2\/comments?post=43"}],"version-history":[{"count":25,"href":"https:\/\/eventos.ifg.edu.br\/diainfo2016\/wp-json\/wp\/v2\/pages\/43\/revisions"}],"predecessor-version":[{"id":208,"href":"https:\/\/eventos.ifg.edu.br\/diainfo2016\/wp-json\/wp\/v2\/pages\/43\/revisions\/208"}],"wp:attachment":[{"href":"https:\/\/eventos.ifg.edu.br\/diainfo2016\/wp-json\/wp\/v2\/media?parent=43"}],"curies":[{"name":"wp","href":"https:\/\/api.w.org\/{rel}","templated":true}]}}