{"id":15,"date":"2016-06-28T08:50:44","date_gmt":"2016-06-28T11:50:44","guid":{"rendered":"http:\/\/eventos.ifg.edu.br\/diainfo2016\/?page_id=15"},"modified":"2016-07-12T06:28:55","modified_gmt":"2016-07-12T09:28:55","slug":"videos","status":"publish","type":"page","link":"https:\/\/eventos.ifg.edu.br\/diainfo2016\/videos\/","title":{"rendered":"Videos"},"content":{"rendered":"<p><a href=\"https:\/\/www.youtube.com\/watch?feature=player_embedded&#038;v=dDUiLAjwV9c\">https:\/\/www.youtube.com\/watch?feature=player_embedded&amp;v=dDUiLAjwV9c<\/a><\/p>\n<p><a href=\"https:\/\/www.youtube.com\/watch?feature=player_embedded&#038;v=Sx1Z_MGwDS8\">https:\/\/www.youtube.com\/watch?feature=player_embedded&amp;v=Sx1Z_MGwDS8<\/a><\/p>\n<p><iframe title=\"Inform\u00e1tica Hist\u00f3ria e Evolu\u00e7\u00e3o\" width=\"610\" height=\"458\" src=\"https:\/\/www.youtube.com\/embed\/fcrNzfCIvTg?feature=oembed\" frameborder=\"0\" allow=\"accelerometer; autoplay; clipboard-write; encrypted-media; gyroscope; picture-in-picture; web-share\" referrerpolicy=\"strict-origin-when-cross-origin\" allowfullscreen><\/iframe><\/p>\n<p><iframe title=\"Tecnologias que podem mudar a sua vida - Di\u00e1rio do Curioso\" width=\"610\" height=\"343\" src=\"https:\/\/www.youtube.com\/embed\/PPH9ECW5IBM?feature=oembed\" frameborder=\"0\" allow=\"accelerometer; autoplay; clipboard-write; encrypted-media; gyroscope; picture-in-picture; web-share\" referrerpolicy=\"strict-origin-when-cross-origin\" allowfullscreen><\/iframe><\/p>\n<p><iframe title=\"5 Superpoderes que j\u00e1 existem na vida real\" width=\"610\" height=\"343\" src=\"https:\/\/www.youtube.com\/embed\/euJ1PCMyuvo?feature=oembed\" frameborder=\"0\" allow=\"accelerometer; autoplay; clipboard-write; encrypted-media; gyroscope; picture-in-picture; web-share\" referrerpolicy=\"strict-origin-when-cross-origin\" allowfullscreen><\/iframe><\/p>\n<p>&nbsp;<\/p>\n","protected":false},"excerpt":{"rendered":"<p>&nbsp;<\/p>\n","protected":false},"author":13,"featured_media":0,"parent":0,"menu_order":0,"comment_status":"closed","ping_status":"closed","template":"","meta":{"ngg_post_thumbnail":0,"footnotes":""},"class_list":["post-15","page","type-page","status-publish","hentry"],"_links":{"self":[{"href":"https:\/\/eventos.ifg.edu.br\/diainfo2016\/wp-json\/wp\/v2\/pages\/15"}],"collection":[{"href":"https:\/\/eventos.ifg.edu.br\/diainfo2016\/wp-json\/wp\/v2\/pages"}],"about":[{"href":"https:\/\/eventos.ifg.edu.br\/diainfo2016\/wp-json\/wp\/v2\/types\/page"}],"author":[{"embeddable":true,"href":"https:\/\/eventos.ifg.edu.br\/diainfo2016\/wp-json\/wp\/v2\/users\/13"}],"replies":[{"embeddable":true,"href":"https:\/\/eventos.ifg.edu.br\/diainfo2016\/wp-json\/wp\/v2\/comments?post=15"}],"version-history":[{"count":3,"href":"https:\/\/eventos.ifg.edu.br\/diainfo2016\/wp-json\/wp\/v2\/pages\/15\/revisions"}],"predecessor-version":[{"id":133,"href":"https:\/\/eventos.ifg.edu.br\/diainfo2016\/wp-json\/wp\/v2\/pages\/15\/revisions\/133"}],"wp:attachment":[{"href":"https:\/\/eventos.ifg.edu.br\/diainfo2016\/wp-json\/wp\/v2\/media?parent=15"}],"curies":[{"name":"wp","href":"https:\/\/api.w.org\/{rel}","templated":true}]}}