{"id":216,"date":"2018-02-21T16:57:03","date_gmt":"2018-02-21T19:57:03","guid":{"rendered":"http:\/\/eventos.ifg.edu.br\/7semanadehistoria\/?page_id=216"},"modified":"2018-05-28T21:01:17","modified_gmt":"2018-05-29T00:01:17","slug":"programacao-preliminar","status":"publish","type":"page","link":"https:\/\/eventos.ifg.edu.br\/7semanadehistoria\/programacao-preliminar\/","title":{"rendered":"Programa\u00e7\u00e3o"},"content":{"rendered":"<table width=\"593\">\n<tbody>\n<tr>\n<td width=\"74\"><strong>Dia<\/strong><\/td>\n<td width=\"93\"><strong>Hor\u00e1rio\u00a0 \u00a0 \u00a0<\/strong><\/td>\n<td width=\"425\"><strong>Atividade<\/strong><\/td>\n<\/tr>\n<\/tbody>\n<\/table>\n<table width=\"593\">\n<tbody>\n<tr>\n<td rowspan=\"2\" width=\"74\"><strong>Ter\u00e7a<\/strong><\/p>\n<p><strong>05\/06<\/strong><\/td>\n<td width=\"93\">13h \u2013 14h<\/td>\n<td width=\"425\">Credenciamento<\/td>\n<\/tr>\n<tr>\n<td width=\"93\">14h\u00a0 17h<\/td>\n<td width=\"425\">Confer\u00eancia de Abertura<\/p>\n<p>Prof. Dr. Carlos Oiti Berbert Junior (UFG)<\/p>\n<p>T\u00edtulo: A rela\u00e7\u00e3o entre Hist\u00f3ria e narratividade a partir do conceito de &#8221;Identidade&#8221;<\/td>\n<\/tr>\n<\/tbody>\n<\/table>\n<table width=\"593\">\n<tbody>\n<tr>\n<td rowspan=\"2\" width=\"74\"><strong>Quarta<\/strong><\/p>\n<p><strong>06\/06<\/strong><\/td>\n<td width=\"93\"><strong>9h \u2013 12h<\/strong><\/td>\n<td width=\"425\">Minicursos<\/td>\n<\/tr>\n<tr>\n<td width=\"93\"><strong>13h \u2013 18h<\/strong><\/td>\n<td width=\"425\">Simp\u00f3sios Tem\u00e1ticos<\/td>\n<\/tr>\n<tr>\n<td rowspan=\"2\" width=\"74\"><strong>Quinta<\/strong><\/p>\n<p><strong>07\/06<\/strong><\/td>\n<td width=\"93\"><strong>9h \u2013 12h<\/strong><\/td>\n<td width=\"425\">Minicursos<\/td>\n<\/tr>\n<tr>\n<td width=\"93\"><strong>13h \u2013 18h<\/strong><\/td>\n<td width=\"425\">Simp\u00f3sios Tem\u00e1ticos<\/td>\n<\/tr>\n<tr>\n<td rowspan=\"2\" width=\"74\"><strong>Sexta<\/strong><\/p>\n<p><strong>08\/06<\/strong><\/td>\n<td width=\"93\"><strong>13h \u2013 15h30<\/strong><\/td>\n<td width=\"425\">Mesa-Redonda<\/p>\n<p>&#8220;Ditadura: Hist\u00f3ria, Mem\u00f3ria e a necessidade do n\u00e3o-esquecimento&#8221;<br \/>\nProf. Dra. Fabiane Costa Oliveira<br \/>\nProf. Dr. Horieste Gomes<br \/>\nProf. Mnd. Caroline Gomes Nunes<\/td>\n<\/tr>\n<tr>\n<td width=\"93\"><strong>16h \u2013 18h<\/strong><\/td>\n<td width=\"425\">Confer\u00eancia de Encerramento<\/p>\n<p>Prof. Dr. Jacques Elias de Carvalho (IFG)<\/p>\n<p>T\u00edtulo: Censura e repress\u00e3o: lutas art\u00edsticas no Brasil das d\u00e9cadas de 1960 e 1970<\/td>\n<\/tr>\n<\/tbody>\n<\/table>\n<p>&nbsp;<\/p>\n","protected":false},"excerpt":{"rendered":"<p>Dia Hor\u00e1rio\u00a0 \u00a0 \u00a0 Atividade Ter\u00e7a 05\/06 13h \u2013 14h Credenciamento 14h\u00a0 17h Confer\u00eancia de Abertura Prof. Dr. Carlos Oiti Berbert Junior (UFG) T\u00edtulo: A rela\u00e7\u00e3o entre Hist\u00f3ria e narratividade a partir do conceito de &#8221;Identidade&#8221; Quarta 06\/06 9h \u2013 12h Minicursos 13h \u2013 18h Simp\u00f3sios Tem\u00e1ticos Quinta 07\/06 9h \u2013 12h Minicursos 13h \u2013 [&hellip;]<\/p>\n","protected":false},"author":75,"featured_media":0,"parent":0,"menu_order":0,"comment_status":"closed","ping_status":"closed","template":"","meta":{"ngg_post_thumbnail":0,"footnotes":""},"class_list":["post-216","page","type-page","status-publish","hentry"],"_links":{"self":[{"href":"https:\/\/eventos.ifg.edu.br\/7semanadehistoria\/wp-json\/wp\/v2\/pages\/216"}],"collection":[{"href":"https:\/\/eventos.ifg.edu.br\/7semanadehistoria\/wp-json\/wp\/v2\/pages"}],"about":[{"href":"https:\/\/eventos.ifg.edu.br\/7semanadehistoria\/wp-json\/wp\/v2\/types\/page"}],"author":[{"embeddable":true,"href":"https:\/\/eventos.ifg.edu.br\/7semanadehistoria\/wp-json\/wp\/v2\/users\/75"}],"replies":[{"embeddable":true,"href":"https:\/\/eventos.ifg.edu.br\/7semanadehistoria\/wp-json\/wp\/v2\/comments?post=216"}],"version-history":[{"count":11,"href":"https:\/\/eventos.ifg.edu.br\/7semanadehistoria\/wp-json\/wp\/v2\/pages\/216\/revisions"}],"predecessor-version":[{"id":403,"href":"https:\/\/eventos.ifg.edu.br\/7semanadehistoria\/wp-json\/wp\/v2\/pages\/216\/revisions\/403"}],"wp:attachment":[{"href":"https:\/\/eventos.ifg.edu.br\/7semanadehistoria\/wp-json\/wp\/v2\/media?parent=216"}],"curies":[{"name":"wp","href":"https:\/\/api.w.org\/{rel}","templated":true}]}}