{"id":2,"date":"2016-10-04T17:40:03","date_gmt":"2016-10-04T20:40:03","guid":{"rendered":"http:\/\/eventos.ifg.edu.br\/4set\/?page_id=2"},"modified":"2017-10-10T10:33:08","modified_gmt":"2017-10-10T13:33:08","slug":"pagina-exemplo","status":"publish","type":"page","link":"https:\/\/eventos.ifg.edu.br\/4set\/","title":{"rendered":"Sobre o evento"},"content":{"rendered":"<p align=\"justify\">Em 2017 o Departamento de \u00c1reas Acad\u00eamicas IV do IFG \u2013 <i>campus<\/i> Goi\u00e2nia realizar\u00e1, entre os dias 6 e 11 de novembro, a IV Semana de Engenharia e Tecnologia do IFG &#8211; <i>campus<\/i> Goi\u00e2nia que \u00e9 destinada aos seus alunos dos cursos t\u00e9cnicos e superiores, bem como, dos demais <i>campi<\/i> da Regi\u00e3o Metropolitana de Goi\u00e2nia e de cidades pr\u00f3ximas, sendo aberto a toda a comunidade goianiense. \u00c9 um evento consolidado, pois \u00e9 resultante da uni\u00e3o das semanas individualizadas de engenharias e cursos t\u00e9cnicos, que a partir de 2013 integra as \u00e1reas das engenharias de controle e automa\u00e7\u00e3o, el\u00e9trica e mec\u00e2nica e tamb\u00e9m do bacharelado em sistemas de informa\u00e7\u00e3o. Esta Semana s\u00e3o realizadas palestras de pesquisadores de renome nacional, minicursos, demonstra\u00e7\u00f5es de opera\u00e7\u00f5es de equipamentos, produtos e servi\u00e7os destas \u00e1reas, bem como trabalhos de extens\u00e3o e pain\u00e9is de pesquisas desenvolvidos pelos alunos. Observa-se que a cada ano o n\u00famero de inscritos tem aumentado, demonstrando o interesse do p\u00fablico nesta atividade acad\u00eamica.<\/p>\n","protected":false},"excerpt":{"rendered":"<p>Em 2017 o Departamento de \u00c1reas Acad\u00eamicas IV do IFG \u2013 campus Goi\u00e2nia realizar\u00e1, entre os dias 6 e 11 de novembro, a IV Semana de Engenharia e Tecnologia do IFG &#8211; campus Goi\u00e2nia que \u00e9 destinada aos seus alunos dos cursos t\u00e9cnicos e superiores, bem como, dos demais campi da Regi\u00e3o Metropolitana de Goi\u00e2nia [&hellip;]<\/p>\n","protected":false},"author":7,"featured_media":0,"parent":0,"menu_order":0,"comment_status":"closed","ping_status":"open","template":"","meta":{"ngg_post_thumbnail":0,"footnotes":""},"class_list":["post-2","page","type-page","status-publish","hentry"],"_links":{"self":[{"href":"https:\/\/eventos.ifg.edu.br\/4set\/wp-json\/wp\/v2\/pages\/2"}],"collection":[{"href":"https:\/\/eventos.ifg.edu.br\/4set\/wp-json\/wp\/v2\/pages"}],"about":[{"href":"https:\/\/eventos.ifg.edu.br\/4set\/wp-json\/wp\/v2\/types\/page"}],"author":[{"embeddable":true,"href":"https:\/\/eventos.ifg.edu.br\/4set\/wp-json\/wp\/v2\/users\/7"}],"replies":[{"embeddable":true,"href":"https:\/\/eventos.ifg.edu.br\/4set\/wp-json\/wp\/v2\/comments?post=2"}],"version-history":[{"count":4,"href":"https:\/\/eventos.ifg.edu.br\/4set\/wp-json\/wp\/v2\/pages\/2\/revisions"}],"predecessor-version":[{"id":40,"href":"https:\/\/eventos.ifg.edu.br\/4set\/wp-json\/wp\/v2\/pages\/2\/revisions\/40"}],"wp:attachment":[{"href":"https:\/\/eventos.ifg.edu.br\/4set\/wp-json\/wp\/v2\/media?parent=2"}],"curies":[{"name":"wp","href":"https:\/\/api.w.org\/{rel}","templated":true}]}}

<p align="justify">Em 2017 o Departamento de Áreas Acadêmicas IV do IFG – <i>campus</i> Goiânia realizará, entre os dias 6 e 11 de novembro, a IV Semana de Engenharia e Tecnologia do IFG &#8211; <i>campus</i> Goiânia que é destinada aos seus alunos dos cursos técnicos e superiores, bem como, dos demais <i>campi</i> da Região Metropolitana de Goiânia e de cidades próximas, sendo aberto a toda a comunidade goianiense. É um evento consolidado, pois é resultante da união das semanas individualizadas de engenharias e cursos técnicos, que a partir de 2013 integra as áreas das engenharias de controle e automação, elétrica e mecânica e também do bacharelado em sistemas de informação. Esta Semana são realizadas palestras de pesquisadores de renome nacional, minicursos, demonstrações de operações de equipamentos, produtos e serviços destas áreas, bem como trabalhos de extensão e painéis de pesquisas desenvolvidos pelos alunos. Observa-se que a cada ano o número de inscritos tem aumentado, demonstrando o interesse do público nesta atividade acadêmica.</p>

<p>Em 2017 o Departamento de Áreas Acadêmicas IV do IFG – campus Goiânia realizará, entre os dias 6 e 11 de novembro, a IV Semana de Engenharia e Tecnologia do IFG &#8211; campus Goiânia que é destinada aos seus alunos dos cursos técnicos e superiores, bem como, dos demais campi da Região Metropolitana de Goiânia [&hellip;]</p>
