{"id":13,"date":"2016-10-06T00:12:34","date_gmt":"2016-10-06T03:12:34","guid":{"rendered":"http:\/\/eventos.ifg.edu.br\/4set\/?page_id=13"},"modified":"2017-10-22T00:13:11","modified_gmt":"2017-10-22T02:13:11","slug":"local","status":"publish","type":"page","link":"https:\/\/eventos.ifg.edu.br\/4set\/local\/","title":{"rendered":"Local"},"content":{"rendered":"<p>A IV SET &#8211; Semana de Engenharia e Tecnologia ser\u00e1 realizada no C\u00e2mpus Goi\u00e2nia do IFG.<br \/>\nRua 75, n\u00ba 46, Centro, Goi\u00e2nia &#8211; GO.<\/p>\n\n\t\t<div id=\"intergeo_mapQTM\" class=\"intergeo_map_canvas\" style=\"width:100%;height:300px;width:100%;height:300px;\"><\/div>\n\t\t<script type=\"text\/javascript\">\n\t\t\t\/* <![CDATA[ *\/\n\t\t\tif (!window.intergeo_maps) window.intergeo_maps = [];\n\t\t\twindow.intergeo_maps.push( { container: 'intergeo_mapQTM', options: {\"lat\":-16.665575460847,\"lng\":-49.255111525456,\"zoom\":17,\"overlays\":{\"marker\":[{\"position\":[\"-16.665575\",\"-49.255112\"],\"icon\":\"http:\\\/\\\/maps.google.com\\\/mapfiles\\\/ms\\\/icons\\\/red-dot.png\",\"info\":\"<p><br><\\\/p>\",\"title\":\"IFG - C\\u00e2mpus Goi\\u00e2nia\",\"loc\":\"Rua 75 n\\u00ba 46, Centro, Goi\\u00e2nia - GO\"}]}} } );\n\t\t\tif (!window.intergeo_maps_current) window.intergeo_maps_current = null;\n\t\t\t\/* ]]> *\/\n\t\t<\/script>\n\t\t\n","protected":false},"excerpt":{"rendered":"<p>A IV SET &#8211; Semana de Engenharia e Tecnologia ser\u00e1 realizada no C\u00e2mpus Goi\u00e2nia do IFG. Rua 75, n\u00ba 46, Centro, Goi\u00e2nia &#8211; GO.<\/p>\n","protected":false},"author":7,"featured_media":0,"parent":0,"menu_order":0,"comment_status":"closed","ping_status":"closed","template":"","meta":{"ngg_post_thumbnail":0,"footnotes":""},"class_list":["post-13","page","type-page","status-publish","hentry"],"_links":{"self":[{"href":"https:\/\/eventos.ifg.edu.br\/4set\/wp-json\/wp\/v2\/pages\/13"}],"collection":[{"href":"https:\/\/eventos.ifg.edu.br\/4set\/wp-json\/wp\/v2\/pages"}],"about":[{"href":"https:\/\/eventos.ifg.edu.br\/4set\/wp-json\/wp\/v2\/types\/page"}],"author":[{"embeddable":true,"href":"https:\/\/eventos.ifg.edu.br\/4set\/wp-json\/wp\/v2\/users\/7"}],"replies":[{"embeddable":true,"href":"https:\/\/eventos.ifg.edu.br\/4set\/wp-json\/wp\/v2\/comments?post=13"}],"version-history":[{"count":3,"href":"https:\/\/eventos.ifg.edu.br\/4set\/wp-json\/wp\/v2\/pages\/13\/revisions"}],"predecessor-version":[{"id":46,"href":"https:\/\/eventos.ifg.edu.br\/4set\/wp-json\/wp\/v2\/pages\/13\/revisions\/46"}],"wp:attachment":[{"href":"https:\/\/eventos.ifg.edu.br\/4set\/wp-json\/wp\/v2\/media?parent=13"}],"curies":[{"name":"wp","href":"https:\/\/api.w.org\/{rel}","templated":true}]}}

<p>A IV SET &#8211; Semana de Engenharia e Tecnologia será realizada no Câmpus Goiânia do IFG.<br />
Rua 75, nº 46, Centro, Goiânia &#8211; GO.</p>

		<div id="intergeo_mapQTM" class="intergeo_map_canvas" style="width:100%;height:300px;width:100%;height:300px;"></div>
		<script type="text/javascript">
			/* <![CDATA[ */
			if (!window.intergeo_maps) window.intergeo_maps = [];
			window.intergeo_maps.push( { container: 'intergeo_mapQTM', options: {"lat":-16.665575460847,"lng":-49.255111525456,"zoom":17,"overlays":{"marker":[{"position":["-16.665575","-49.255112"],"icon":"http:\/\/maps.google.com\/mapfiles\/ms\/icons\/red-dot.png","info":"<p><br><\/p>","title":"IFG - C\u00e2mpus Goi\u00e2nia","loc":"Rua 75 n\u00ba 46, Centro, Goi\u00e2nia - GO"}]}} } );
			if (!window.intergeo_maps_current) window.intergeo_maps_current = null;
			/* ]]> */
		</script>

<p>A IV SET &#8211; Semana de Engenharia e Tecnologia será realizada no Câmpus Goiânia do IFG. Rua 75, nº 46, Centro, Goiânia &#8211; GO.</p>
