{"id":11,"date":"2016-10-06T00:08:52","date_gmt":"2016-10-06T03:08:52","guid":{"rendered":"http:\/\/eventos.ifg.edu.br\/4set\/?page_id=11"},"modified":"2017-11-01T16:22:07","modified_gmt":"2017-11-01T18:22:07","slug":"inscricoes","status":"publish","type":"page","link":"https:\/\/eventos.ifg.edu.br\/4set\/inscricoes\/","title":{"rendered":"Inscri\u00e7\u00f5es"},"content":{"rendered":"<p><strong>A inscri\u00e7\u00e3o \u00e9 gratuita e realizada de forma online. Aberta de 06\/10 a 31\/10.<br \/>\nSiga os 4 passos abaixo para realizar sua inscri\u00e7\u00e3o:<\/strong><\/p>\n<p>&nbsp;<\/p>\n<p><img decoding=\"async\" class=\"aligncenter\" src=\"http:\/\/eventos.ifg.edu.br\/4set\/wp-content\/uploads\/sites\/12\/2016\/10\/passo1.png\" alt=\"passo1\" width=\"270\" height=\"130\" \/><br \/>\n<a href=\"https:\/\/sugep.ifg.edu.br\/eventos\/administracao\" target=\"_blank\"><img decoding=\"async\" class=\"aligncenter\" src=\"http:\/\/eventos.ifg.edu.br\/4set\/wp-content\/uploads\/sites\/12\/2016\/10\/passo2.png\" alt=\"passo2\" width=\"270\" height=\"130\" \/><br \/>\n<\/a> <img decoding=\"async\" class=\"aligncenter\" src=\"http:\/\/eventos.ifg.edu.br\/4set\/wp-content\/uploads\/sites\/12\/2016\/10\/passo3.png\" alt=\"passo3\" width=\"270\" height=\"130\" \/><\/p>\n<p><img loading=\"lazy\" decoding=\"async\" class=\"alignnone size-full wp-image-109 aligncenter\" src=\"http:\/\/eventos.ifg.edu.br\/4set\/wp-content\/uploads\/sites\/12\/2016\/10\/passo4.png\" alt=\"passo4\" width=\"270\" height=\"130\" \/><\/p>\n<p><strong>Passos detalhados:<\/strong><\/p>\n<ol>\n<li>Fa\u00e7a seu credenciamento no evento.<\/li>\n<li>Abra o sistema com o login\/senha enviado para seu e-mail: <a href=\"https:\/\/sugep.ifg.edu.br\/eventos\/administracao\" target=\"_blank\">https:\/\/sugep.ifg.edu.br\/eventos\/administracao<\/a><\/li>\n<li>Escolha as palestras e minicursos que deseja participar, conforme imagens abaixo<\/li>\n<li>Gere\/imprima sua a agenda de participa\u00e7\u00e3o no evento que cont\u00e9m todas as atividades que voc\u00ea se inscreveu.<\/li>\n<\/ol>\n<p><img loading=\"lazy\" decoding=\"async\" class=\"size-full wp-image-97 aligncenter\" src=\"http:\/\/eventos.ifg.edu.br\/4set\/wp-content\/uploads\/sites\/12\/2016\/10\/instrucoes1.png\" alt=\"instrucoes1\" width=\"899\" height=\"415\" \/><\/p>\n<p>&nbsp;<\/p>\n<p><img loading=\"lazy\" decoding=\"async\" class=\" wp-image-96 aligncenter\" src=\"http:\/\/eventos.ifg.edu.br\/4set\/wp-content\/uploads\/sites\/12\/2016\/10\/instrucoes2.png\" alt=\"instrucoes2\" width=\"894\" height=\"535\" \/><\/p>\n<p><img loading=\"lazy\" decoding=\"async\" class=\"alignnone size-full wp-image-110 aligncenter\" src=\"http:\/\/eventos.ifg.edu.br\/4set\/wp-content\/uploads\/sites\/12\/2016\/10\/orientacoes3.png\" alt=\"orientacoes3\" width=\"802\" height=\"323\" \/><\/p>\n<p>&nbsp;<\/p>\n","protected":false},"excerpt":{"rendered":"<p>A inscri\u00e7\u00e3o \u00e9 gratuita e realizada de forma online. Aberta de 06\/10 a 31\/10. Siga os 4 passos abaixo para realizar sua inscri\u00e7\u00e3o: &nbsp; Passos detalhados: Fa\u00e7a seu credenciamento no evento. Abra o sistema com o login\/senha enviado para seu e-mail: https:\/\/sugep.ifg.edu.br\/eventos\/administracao Escolha as palestras e minicursos que deseja participar, conforme imagens abaixo Gere\/imprima sua [&hellip;]<\/p>\n","protected":false},"author":7,"featured_media":0,"parent":0,"menu_order":0,"comment_status":"closed","ping_status":"closed","template":"","meta":{"ngg_post_thumbnail":0,"footnotes":""},"class_list":["post-11","page","type-page","status-publish","hentry"],"_links":{"self":[{"href":"https:\/\/eventos.ifg.edu.br\/4set\/wp-json\/wp\/v2\/pages\/11"}],"collection":[{"href":"https:\/\/eventos.ifg.edu.br\/4set\/wp-json\/wp\/v2\/pages"}],"about":[{"href":"https:\/\/eventos.ifg.edu.br\/4set\/wp-json\/wp\/v2\/types\/page"}],"author":[{"embeddable":true,"href":"https:\/\/eventos.ifg.edu.br\/4set\/wp-json\/wp\/v2\/users\/7"}],"replies":[{"embeddable":true,"href":"https:\/\/eventos.ifg.edu.br\/4set\/wp-json\/wp\/v2\/comments?post=11"}],"version-history":[{"count":15,"href":"https:\/\/eventos.ifg.edu.br\/4set\/wp-json\/wp\/v2\/pages\/11\/revisions"}],"predecessor-version":[{"id":119,"href":"https:\/\/eventos.ifg.edu.br\/4set\/wp-json\/wp\/v2\/pages\/11\/revisions\/119"}],"wp:attachment":[{"href":"https:\/\/eventos.ifg.edu.br\/4set\/wp-json\/wp\/v2\/media?parent=11"}],"curies":[{"name":"wp","href":"https:\/\/api.w.org\/{rel}","templated":true}]}}